CRAN Package Check Results for Package opalr

Last updated on 2019-08-25 01:47:21 CEST.

Flavor Version Tinstall Tcheck Ttotal Status Flags
r-devel-linux-x86_64-debian-clang 1.2.0 5.23 38.41 43.64 OK
r-devel-linux-x86_64-debian-gcc 1.2.0 3.66 30.60 34.26 OK
r-devel-linux-x86_64-fedora-clang 1.2.0 51.61 NOTE
r-devel-linux-x86_64-fedora-gcc 1.2.0 51.54 NOTE
r-devel-windows-ix86+x86_64 1.2.0 11.00 54.00 65.00 OK
r-patched-linux-x86_64 1.2.0 4.72 37.93 42.65 OK
r-patched-solaris-x86 1.2.0 67.50 NOTE
r-release-linux-x86_64 1.2.0 4.09 37.81 41.90 OK
r-release-windows-ix86+x86_64 1.2.0 10.00 55.00 65.00 OK
r-release-osx-x86_64 1.2.0 NOTE
r-oldrel-windows-ix86+x86_64 1.2.0 10.00 61.00 71.00 OK
r-oldrel-osx-x86_64 1.2.0 NOTE

Check Details

Version: 1.2.0
Check: dependencies in R code
Result: NOTE
    Namespace in Imports field not imported from: ‘xml2’
     All declared Imports should be used.
Flavors: r-devel-linux-x86_64-fedora-clang, r-devel-linux-x86_64-fedora-gcc, r-patched-solaris-x86, r-release-osx-x86_64, r-oldrel-osx-x86_64