CRAN Package Check Results for Package odbc

Last updated on 2019-05-20 01:46:43 CEST.

Flavor Version Tinstall Tcheck Ttotal Status Flags
r-devel-linux-x86_64-debian-clang 1.1.6 71.20 42.60 113.80 OK
r-devel-linux-x86_64-debian-gcc 1.1.6 51.33 34.39 85.72 WARN
r-devel-linux-x86_64-fedora-clang 1.1.6 170.85 NOTE
r-devel-linux-x86_64-fedora-gcc 1.1.6 144.27 WARN
r-devel-windows-ix86+x86_64 1.1.6 196.00 110.00 306.00 OK
r-patched-linux-x86_64 1.1.6 62.78 42.93 105.71 WARN
r-patched-solaris-x86 1.1.6 143.20 OK
r-release-linux-x86_64 1.1.6 61.86 42.75 104.61 WARN
r-release-windows-ix86+x86_64 1.1.6 212.00 103.00 315.00 OK
r-release-osx-x86_64 1.1.6 NOTE
r-oldrel-windows-ix86+x86_64 1.1.6 194.00 104.00 298.00 OK
r-oldrel-osx-x86_64 1.1.6 NOTE

Check Details

Version: 1.1.6
Check: whether package can be installed
Result: WARN
    Found the following significant warnings:
     connection.cpp:67:36: warning: catching polymorphic type ‘class nanodbc::database_error’ by value [-Wcatch-value=]
     odbc_connection.cpp:37:36: warning: catching polymorphic type ‘class nanodbc::database_error’ by value [-Wcatch-value=]
     odbc_connection.cpp:75:36: warning: catching polymorphic type ‘class nanodbc::database_error’ by value [-Wcatch-value=]
Flavors: r-devel-linux-x86_64-debian-gcc, r-devel-linux-x86_64-fedora-gcc, r-patched-linux-x86_64, r-release-linux-x86_64

Version: 1.1.6
Check: installed package size
Result: NOTE
     installed size is 5.8Mb
     sub-directories of 1Mb or more:
     libs 5.5Mb
Flavors: r-devel-linux-x86_64-fedora-clang, r-release-osx-x86_64, r-oldrel-osx-x86_64