CRAN Package Check Results for Package nsga3

Last updated on 2019-12-11 00:49:26 CET.

Flavor Version Tinstall Tcheck Ttotal Status Flags
r-devel-linux-x86_64-debian-clang 0.0.3 9.52 81.17 90.69 OK
r-devel-linux-x86_64-debian-gcc 0.0.3 8.30 62.59 70.89 OK
r-devel-linux-x86_64-fedora-clang 0.0.3 108.87 NOTE
r-devel-linux-x86_64-fedora-gcc 0.0.3 105.47 NOTE
r-devel-windows-ix86+x86_64 0.0.3 22.00 126.00 148.00 OK
r-devel-windows-ix86+x86_64-gcc8 0.0.3 24.00 128.00 152.00 OK
r-patched-linux-x86_64 0.0.3 8.93 71.77 80.70 OK
r-patched-solaris-x86 0.0.3 172.30 NOTE
r-release-linux-x86_64 0.0.3 8.71 73.05 81.76 OK
r-release-windows-ix86+x86_64 0.0.3 21.00 87.00 108.00 OK
r-release-osx-x86_64 0.0.3 NOTE
r-oldrel-windows-ix86+x86_64 0.0.3 13.00 85.00 98.00 OK
r-oldrel-osx-x86_64 0.0.3 NOTE

Check Details

Version: 0.0.3
Check: dependencies in R code
Result: NOTE
    Namespace in Imports field not imported from: ‘xgboost’
     All declared Imports should be used.
Flavors: r-devel-linux-x86_64-fedora-clang, r-devel-linux-x86_64-fedora-gcc, r-patched-solaris-x86, r-release-osx-x86_64, r-oldrel-osx-x86_64