CRAN Package Check Results for Package nsga3

Last updated on 2019-08-23 01:47:31 CEST.

Flavor Version Tinstall Tcheck Ttotal Status Flags
r-devel-linux-x86_64-debian-clang 0.0.3 9.87 76.80 86.67 OK
r-devel-linux-x86_64-debian-gcc 0.0.3 8.20 59.81 68.01 OK
r-devel-linux-x86_64-fedora-clang 0.0.3 100.83 NOTE
r-devel-linux-x86_64-fedora-gcc 0.0.3 100.31 NOTE
r-devel-windows-ix86+x86_64 0.0.3 20.00 122.00 142.00 OK
r-patched-linux-x86_64 0.0.3 8.61 72.95 81.56 OK
r-patched-solaris-x86 0.0.3 182.90 NOTE
r-release-linux-x86_64 0.0.3 9.71 73.00 82.71 OK
r-release-windows-ix86+x86_64 0.0.3 34.00 120.00 154.00 OK
r-release-osx-x86_64 0.0.3 NOTE
r-oldrel-windows-ix86+x86_64 0.0.3 20.00 118.00 138.00 OK
r-oldrel-osx-x86_64 0.0.3 NOTE

Check Details

Version: 0.0.3
Check: dependencies in R code
Result: NOTE
    Namespace in Imports field not imported from: ‘xgboost’
     All declared Imports should be used.
Flavors: r-devel-linux-x86_64-fedora-clang, r-devel-linux-x86_64-fedora-gcc, r-patched-solaris-x86, r-release-osx-x86_64, r-oldrel-osx-x86_64