CRAN Package Check Results for Package noteMD

Last updated on 2019-08-18 01:46:15 CEST.

Flavor Version Tinstall Tcheck Ttotal Status Flags
r-devel-linux-x86_64-debian-clang 0.1.0 1.73 18.92 20.65 NOTE
r-devel-linux-x86_64-debian-gcc 0.1.0 1.41 15.41 16.82 NOTE
r-devel-linux-x86_64-fedora-clang 0.1.0 27.63 OK
r-devel-linux-x86_64-fedora-gcc 0.1.0 24.64 OK
r-devel-windows-ix86+x86_64 0.1.0 7.00 47.00 54.00 NOTE
r-patched-linux-x86_64 0.1.0 1.29 18.99 20.28 OK
r-patched-solaris-x86 0.1.0 40.70 ERROR
r-release-linux-x86_64 0.1.0 1.26 18.70 19.96 OK
r-release-windows-ix86+x86_64 0.1.0 6.00 46.00 52.00 OK
r-release-osx-x86_64 0.1.0 ERROR
r-oldrel-windows-ix86+x86_64 0.1.0 3.00 45.00 48.00 OK
r-oldrel-osx-x86_64 0.1.0 ERROR

Check Details

Version: 0.1.0
Check: package vignettes
Result: NOTE
    Package vignette with placeholder title 'Vignette Title':
     'notemd-vignette.Rmd'
Flavors: r-devel-linux-x86_64-debian-clang, r-devel-linux-x86_64-debian-gcc, r-devel-windows-ix86+x86_64

Version: 0.1.0
Check: examples
Result: ERROR
    Running examples in ‘noteMD-Ex.R’ failed
    The error most likely occurred in:
    
    > ### Name: note_in_html
    > ### Title: Print text input in html
    > ### Aliases: note_in_html
    >
    > ### ** Examples
    >
    > note_in_html("Please write note using **Markdown** syntax! ")
    sh: +RTS: not found
    Warning in system(command) : error in running command
    Error: pandoc document conversion failed with error 127
    Execution halted
Flavor: r-patched-solaris-x86

Version: 0.1.0
Check: examples
Result: ERROR
    Running examples in ‘noteMD-Ex.R’ failed
    The error most likely occurred in:
    
    > ### Name: note_in_html
    > ### Title: Print text input in html
    > ### Aliases: note_in_html
    >
    > ### ** Examples
    >
    > note_in_html("Please write note using **Markdown** syntax! ")
    sh: +RTS: command not found
    Warning in system(command) : error in running command
    Error: pandoc document conversion failed with error 127
    Execution halted
Flavors: r-release-osx-x86_64, r-oldrel-osx-x86_64