CRAN Package Check Results for Package noteMD

Last updated on 2019-12-05 00:52:02 CET.

Flavor Version Tinstall Tcheck Ttotal Status Flags
r-devel-linux-x86_64-debian-clang 0.1.0 1.55 19.89 21.44 NOTE
r-devel-linux-x86_64-debian-gcc 0.1.0 1.42 15.99 17.41 NOTE
r-devel-linux-x86_64-fedora-clang 0.1.0 26.12 OK
r-devel-linux-x86_64-fedora-gcc 0.1.0 25.54 OK
r-devel-windows-ix86+x86_64 0.1.0 5.00 52.00 57.00 NOTE
r-devel-windows-ix86+x86_64-gcc8 0.1.0 6.00 50.00 56.00 NOTE
r-patched-linux-x86_64 0.1.0 1.33 18.49 19.82 OK
r-patched-solaris-x86 0.1.0 37.20 ERROR
r-release-linux-x86_64 0.1.0 1.16 19.41 20.57 OK
r-release-windows-ix86+x86_64 0.1.0 6.00 33.00 39.00 OK
r-release-osx-x86_64 0.1.0 ERROR
r-oldrel-windows-ix86+x86_64 0.1.0 3.00 33.00 36.00 OK
r-oldrel-osx-x86_64 0.1.0 ERROR

Check Details

Version: 0.1.0
Check: package vignettes
Result: NOTE
    Package vignette with placeholder title 'Vignette Title':
     'notemd-vignette.Rmd'
Flavors: r-devel-linux-x86_64-debian-clang, r-devel-linux-x86_64-debian-gcc, r-devel-windows-ix86+x86_64, r-devel-windows-ix86+x86_64-gcc8

Version: 0.1.0
Check: examples
Result: ERROR
    Running examples in ‘noteMD-Ex.R’ failed
    The error most likely occurred in:
    
    > ### Name: note_in_html
    > ### Title: Print text input in html
    > ### Aliases: note_in_html
    >
    > ### ** Examples
    >
    > note_in_html("Please write note using **Markdown** syntax! ")
    sh: +RTS: not found
    Warning in system(command) : error in running command
    Error: pandoc document conversion failed with error 127
    Execution halted
Flavor: r-patched-solaris-x86

Version: 0.1.0
Check: examples
Result: ERROR
    Running examples in ‘noteMD-Ex.R’ failed
    The error most likely occurred in:
    
    > ### Name: note_in_html
    > ### Title: Print text input in html
    > ### Aliases: note_in_html
    >
    > ### ** Examples
    >
    > note_in_html("Please write note using **Markdown** syntax! ")
    sh: +RTS: command not found
    Warning in system(command) : error in running command
    Error: pandoc document conversion failed with error 127
    Execution halted
Flavors: r-release-osx-x86_64, r-oldrel-osx-x86_64