CRAN Package Check Results for Package nonparaeff

Last updated on 2019-06-24 01:47:46 CEST.

Flavor Version Tinstall Tcheck Ttotal Status Flags
r-devel-linux-x86_64-debian-clang 0.5-8 11.57 91.07 102.64 NOTE
r-devel-linux-x86_64-debian-gcc 0.5-8 11.01 72.90 83.91 NOTE
r-devel-linux-x86_64-fedora-clang 0.5-8 124.28 NOTE
r-devel-linux-x86_64-fedora-gcc 0.5-8 119.44 NOTE
r-devel-windows-ix86+x86_64 0.5-8 52.00 114.00 166.00 NOTE
r-patched-linux-x86_64 0.5-8 11.31 89.54 100.85 NOTE
r-patched-solaris-x86 0.5-8 194.20 NOTE
r-release-linux-x86_64 0.5-8 12.00 89.60 101.60 NOTE
r-release-windows-ix86+x86_64 0.5-8 28.00 152.00 180.00 NOTE
r-release-osx-x86_64 0.5-8 NOTE
r-oldrel-windows-ix86+x86_64 0.5-8 13.00 164.00 177.00 WARN
r-oldrel-osx-x86_64 0.5-8 NOTE

Check Details

Version: 0.5-8
Check: package dependencies
Result: NOTE
    Depends: includes the non-default packages:
     'lpSolve', 'gdata', 'Hmisc', 'rms', 'geometry', 'psych', 'pwt'
    Adding so many packages to the search path is excessive and importing
    selectively is preferable.
Flavors: r-devel-linux-x86_64-debian-clang, r-devel-linux-x86_64-debian-gcc, r-devel-linux-x86_64-fedora-clang, r-devel-linux-x86_64-fedora-gcc, r-devel-windows-ix86+x86_64, r-patched-linux-x86_64, r-patched-solaris-x86, r-release-linux-x86_64, r-release-windows-ix86+x86_64, r-release-osx-x86_64

Version: 0.5-8
Check: dependencies in R code
Result: NOTE
    'library' or 'require' calls to packages already attached by Depends:
     'Hmisc' 'gdata' 'geometry' 'lpSolve' 'psych' 'rms'
     Please remove these calls from your code.
    Packages in Depends field not imported from:
     'Hmisc' 'gdata' 'geometry' 'lpSolve' 'psych' 'pwt' 'rms'
     These packages need to be imported from (in the NAMESPACE file)
     for when this namespace is loaded but not attached.
Flavors: r-devel-linux-x86_64-debian-clang, r-devel-linux-x86_64-debian-gcc, r-devel-linux-x86_64-fedora-clang, r-devel-linux-x86_64-fedora-gcc, r-devel-windows-ix86+x86_64, r-patched-linux-x86_64, r-patched-solaris-x86, r-release-linux-x86_64, r-release-windows-ix86+x86_64, r-release-osx-x86_64, r-oldrel-windows-ix86+x86_64, r-oldrel-osx-x86_64

Version: 0.5-8
Check: R code for possible problems
Result: NOTE
    additive: no visible global function definition for 'lp'
    ar.dual.dea: no visible global function definition for 'lp'
    cost.dea: no visible global function definition for 'lp'
    ddf: no visible global function definition for 'lp'
    dea: no visible global function definition for 'lp'
    direc.dea: no visible global function definition for 'lp'
    dual.dea: no visible global function definition for 'lp'
    effdea.b.f: no visible global function definition for 'convhulln'
    effdea.b.f: no visible global function definition for 'lp'
    faremalm2: no visible binding for global variable 'Lag'
    faremalm2: no visible global function definition for 'na.omit'
    int.dea: no visible global function definition for 'lp'
    lp2: no visible global function definition for 'lp'
    revenue.dea: no visible global function definition for 'lp'
    sbm.tone: no visible global function definition for 'lp'
    sbm.vrs: no visible global function definition for 'lp'
    Undefined global functions or variables:
     Lag convhulln lp na.omit
    Consider adding
     importFrom("stats", "na.omit")
    to your NAMESPACE file.
Flavors: r-devel-linux-x86_64-debian-clang, r-devel-linux-x86_64-debian-gcc, r-devel-linux-x86_64-fedora-clang, r-devel-linux-x86_64-fedora-gcc, r-devel-windows-ix86+x86_64, r-patched-linux-x86_64, r-patched-solaris-x86, r-release-linux-x86_64, r-release-windows-ix86+x86_64, r-release-osx-x86_64, r-oldrel-windows-ix86+x86_64, r-oldrel-osx-x86_64

Version: 0.5-8
Check: package dependencies
Result: NOTE
    Depends: includes the non-default packages:
     'lpSolve' 'gdata' 'Hmisc' 'rms' 'geometry' 'psych' 'pwt'
    Adding so many packages to the search path is excessive and importing
    selectively is preferable.
Flavors: r-oldrel-windows-ix86+x86_64, r-oldrel-osx-x86_64

Version: 0.5-8
Check: whether package can be installed
Result: WARN
    Found the following significant warnings:
     Warning: S3 methods '[.fun_list', '[.grouped_df', 'all.equal.tbl_df', 'anti_join.data.frame', 'anti_join.tbl_df', 'arrange.data.frame', 'arrange.default', 'arrange.grouped_df', 'arrange.tbl_df', 'arrange_.data.frame', 'arrange_.tbl_df', 'as.data.frame.grouped_df', 'as.data.frame.rowwise_df', 'as.data.frame.tbl_cube', 'as.table.tbl_cube', 'as.tbl.data.frame', 'as.tbl.tbl', 'as.tbl_cube.array', 'as.tbl_cube.data.frame', 'as.tbl_cube.matrix', 'as.tbl_cube.table', 'as_tibble.grouped_df', 'as_tibble.tbl_cube', 'auto_copy.tbl_cube', 'auto_copy.tbl_df', 'cbind.grouped_df', 'collapse.data.frame', 'collect.data.frame', 'common_by.NULL', 'common_by.character', 'common_by.default', 'common_by.list', 'compute.data.frame', 'copy_to.DBIConnection', 'copy_to.src_local', 'default_missing.data.frame', 'default_missing.default', 'dim.tbl_cube', 'distinct.data.frame', 'distinct.default', 'distinct.grouped_df', 'distinct.tbl_df', 'distinct_.data.frame', 'distinct_.grouped_df', 'distinct_.tbl_df', 'do.NULL', 'do.da [... truncated]
Flavor: r-oldrel-windows-ix86+x86_64