CRAN Package Check Results for Package netmeta

Last updated on 2019-07-23 01:49:57 CEST.

Flavor Version Tinstall Tcheck Ttotal Status Flags
r-devel-linux-x86_64-debian-clang 1.0-1 17.37 284.26 301.63 OK
r-devel-linux-x86_64-debian-gcc 1.0-1 16.46 223.76 240.22 OK
r-devel-linux-x86_64-fedora-clang 1.0-1 352.90 OK
r-devel-linux-x86_64-fedora-gcc 1.0-1 348.37 OK
r-devel-windows-ix86+x86_64 1.0-1 25.00 376.00 401.00 OK
r-patched-linux-x86_64 1.0-1 17.62 291.42 309.04 OK
r-patched-solaris-x86 1.0-1 443.70 OK
r-release-linux-x86_64 1.0-1 16.42 293.69 310.11 OK
r-release-windows-ix86+x86_64 1.0-1 31.00 263.00 294.00 OK
r-release-osx-x86_64 1.0-1 FAIL
r-oldrel-windows-ix86+x86_64 1.0-1 30.00 258.00 288.00 OK
r-oldrel-osx-x86_64 1.0-1 OK

Check Details

Version: 1.0-1
Check: package dependencies
Result: NOTE
    Package suggested but not available for checking: ‘hasseDiagram’
Flavor: r-release-osx-x86_64

Version: 1.0-1
Check: dependencies in R code
Result: FAIL
    
Flavor: r-release-osx-x86_64