CRAN Package Check Results for Package netmeta

Last updated on 2019-11-12 00:52:48 CET.

Flavor Version Tinstall Tcheck Ttotal Status Flags
r-devel-linux-x86_64-debian-clang 1.1-0 20.10 330.28 350.38 OK
r-devel-linux-x86_64-debian-gcc 1.1-0 18.40 252.45 270.85 OK
r-devel-linux-x86_64-fedora-clang 1.1-0 411.45 NOTE
r-devel-linux-x86_64-fedora-gcc 1.1-0 420.58 NOTE
r-devel-windows-ix86+x86_64 1.1-0 35.00 314.00 349.00 OK
r-patched-linux-x86_64 1.1-0 22.32 323.25 345.57 OK
r-patched-solaris-x86 1.1-0 498.60 NOTE
r-release-linux-x86_64 1.1-0 19.98 324.90 344.88 OK
r-release-windows-ix86+x86_64 1.1-0 46.00 314.00 360.00 OK
r-release-osx-x86_64 1.1-0 NOTE
r-oldrel-windows-ix86+x86_64 1.1-0 34.00 319.00 353.00 OK
r-oldrel-osx-x86_64 1.1-0 NOTE

Check Details

Version: 1.1-0
Check: data for non-ASCII characters
Result: NOTE
     Note: found 1 marked UTF-8 string
Flavors: r-devel-linux-x86_64-fedora-clang, r-devel-linux-x86_64-fedora-gcc, r-patched-solaris-x86, r-release-osx-x86_64, r-oldrel-osx-x86_64

Version: 1.1-0
Check: dependencies in R code
Result: NOTE
    No protocol specified
Flavors: r-release-osx-x86_64, r-oldrel-osx-x86_64