CRAN Package Check Results for Package neo4r

Last updated on 2019-08-17 02:47:41 CEST.

Flavor Version Tinstall Tcheck Ttotal Status Flags
r-devel-linux-x86_64-debian-clang 0.1.1 5.15 34.90 40.05 OK
r-devel-linux-x86_64-debian-gcc 0.1.1 4.07 27.42 31.49 OK
r-devel-linux-x86_64-fedora-clang 0.1.1 48.44 NOTE
r-devel-linux-x86_64-fedora-gcc 0.1.1 45.28 NOTE
r-devel-windows-ix86+x86_64 0.1.1 16.00 79.00 95.00 OK
r-patched-linux-x86_64 0.1.1 5.23 34.06 39.29 OK
r-patched-solaris-x86 0.1.1 72.20 NOTE
r-release-linux-x86_64 0.1.1 4.86 33.52 38.38 OK
r-release-windows-ix86+x86_64 0.1.1 16.00 68.00 84.00 OK
r-release-osx-x86_64 0.1.1 NOTE
r-oldrel-windows-ix86+x86_64 0.1.1 10.00 76.00 86.00 OK
r-oldrel-osx-x86_64 0.1.1 NOTE

Check Details

Version: 0.1.1
Check: dependencies in R code
Result: NOTE
    Namespaces in Imports field not imported from:
     ‘igraph’ ‘rlang’ ‘tidyselect’
     All declared Imports should be used.
Flavors: r-devel-linux-x86_64-fedora-clang, r-devel-linux-x86_64-fedora-gcc, r-patched-solaris-x86, r-release-osx-x86_64, r-oldrel-osx-x86_64