CRAN Package Check Results for Package neo4r

Last updated on 2019-05-23 01:48:46 CEST.

Flavor Version Tinstall Tcheck Ttotal Status Flags
r-devel-linux-x86_64-debian-clang 0.1.1 4.70 34.68 39.38 OK
r-devel-linux-x86_64-debian-gcc 0.1.1 3.43 27.30 30.73 OK
r-devel-linux-x86_64-fedora-clang 0.1.1 48.64 NOTE
r-devel-linux-x86_64-fedora-gcc 0.1.1 44.45 NOTE
r-devel-windows-ix86+x86_64 0.1.1 10.00 75.00 85.00 OK
r-patched-linux-x86_64 0.1.1 5.08 33.72 38.80 OK
r-patched-solaris-x86 0.1.1 66.90 NOTE
r-release-linux-x86_64 0.1.1 4.62 33.60 38.22 OK
r-release-windows-ix86+x86_64 0.1.1 18.00 50.00 68.00 OK
r-release-osx-x86_64 0.1.1 NOTE
r-oldrel-windows-ix86+x86_64 0.1.1 6.00 47.00 53.00 OK
r-oldrel-osx-x86_64 0.1.1 NOTE

Check Details

Version: 0.1.1
Check: dependencies in R code
Result: NOTE
    Namespaces in Imports field not imported from:
     ‘igraph’ ‘rlang’ ‘tidyselect’
     All declared Imports should be used.
Flavors: r-devel-linux-x86_64-fedora-clang, r-devel-linux-x86_64-fedora-gcc, r-patched-solaris-x86, r-release-osx-x86_64, r-oldrel-osx-x86_64