CRAN Package Check Results for Package multinomineq

Last updated on 2019-09-20 01:47:49 CEST.

Flavor Version Tinstall Tcheck Ttotal Status Flags
r-devel-linux-x86_64-debian-clang 0.2.1 67.79 257.14 324.93 NOTE
r-devel-linux-x86_64-debian-gcc 0.2.1 55.58 169.23 224.81 NOTE
r-devel-linux-x86_64-fedora-clang 0.2.1 407.96 NOTE
r-devel-linux-x86_64-fedora-gcc 0.2.1 413.23 NOTE
r-devel-windows-ix86+x86_64 0.2.1 173.00 639.00 812.00 NOTE
r-patched-linux-x86_64 0.2.1 54.38 248.64 303.02 NOTE
r-patched-solaris-x86 0.2.1 487.10 NOTE
r-release-linux-x86_64 0.2.1 63.12 246.09 309.21 NOTE
r-release-windows-ix86+x86_64 0.2.1 120.00 507.00 627.00 NOTE
r-release-osx-x86_64 0.2.1 NOTE
r-oldrel-windows-ix86+x86_64 0.2.1 120.00 530.00 650.00 NOTE
r-oldrel-osx-x86_64 0.2.1 NOTE

Check Details

Version: 0.2.1
Check: package dependencies
Result: NOTE
    Package suggested but not available for checking: 'rPorta'
Flavors: r-devel-linux-x86_64-debian-clang, r-devel-linux-x86_64-debian-gcc, r-devel-linux-x86_64-fedora-clang, r-devel-linux-x86_64-fedora-gcc, r-devel-windows-ix86+x86_64, r-patched-linux-x86_64, r-patched-solaris-x86, r-release-linux-x86_64, r-release-windows-ix86+x86_64, r-release-osx-x86_64, r-oldrel-windows-ix86+x86_64, r-oldrel-osx-x86_64

Version: 0.2.1
Check: installed package size
Result: NOTE
     installed size is 5.9Mb
     sub-directories of 1Mb or more:
     libs 4.5Mb
Flavors: r-devel-linux-x86_64-fedora-clang, r-release-osx-x86_64, r-oldrel-osx-x86_64