CRAN Package Check Results for Package mudata2

Last updated on 2019-05-26 01:47:41 CEST.

Flavor Version Tinstall Tcheck Ttotal Status Flags
r-devel-linux-x86_64-debian-clang 1.0.6 7.66 125.63 133.29 OK
r-devel-linux-x86_64-debian-gcc 1.0.6 6.12 95.91 102.03 OK
r-devel-linux-x86_64-fedora-clang 1.0.6 149.71 OK
r-devel-linux-x86_64-fedora-gcc 1.0.6 147.55 OK
r-devel-windows-ix86+x86_64 1.0.6 14.00 194.00 208.00 OK
r-patched-linux-x86_64 1.0.6 OK
r-patched-solaris-x86 1.0.6 210.20 ERROR
r-release-linux-x86_64 1.0.6 7.33 120.80 128.13 OK
r-release-windows-ix86+x86_64 1.0.6 22.00 190.00 212.00 OK
r-release-osx-x86_64 1.0.6 ERROR
r-oldrel-windows-ix86+x86_64 1.0.6 16.00 143.00 159.00 OK
r-oldrel-osx-x86_64 1.0.6 ERROR

Check Details

Version: 1.0.6
Check: tests
Result: ERROR
     Running ‘test-all.R’ [64s/77s]
    Running the tests in ‘tests/test-all.R’ failed.
    Complete output:
     >
     > library(testthat)
     >
     > test_check("mudata2")
     Loading required package: mudata2
    
     Attaching package: 'mudata2'
    
     The following object is masked from 'package:testthat':
    
     matches
    
     ── 1. Error: read/write functions work inside RMarkdown (@test_mudata.io.R#554)
     pandoc version 1.12.3 or higher is required and was not found (see the help page ?rmarkdown::pandoc_available).
     1: rmarkdown::render(tf, quiet = TRUE) at testthat/test_mudata.io.R:554
     2: pandoc_available(required_pandoc, error = TRUE)
     3: stop(paste(msg, collapse = " "), call. = FALSE)
    
     OGR: Unsupported geometry type
     OGR: Unsupported geometry type
     OGR: Unsupported geometry type
     OGR: Unsupported geometry type
     OGR: Unsupported geometry type
     ══ testthat results ═══════════════════════════════════════════════════════════
     OK: 961 SKIPPED: 0 WARNINGS: 4 FAILED: 1
     1. Error: read/write functions work inside RMarkdown (@test_mudata.io.R#554)
    
     Error: testthat unit tests failed
     Execution halted
Flavor: r-patched-solaris-x86

Version: 1.0.6
Check: tests
Result: ERROR
     Running ‘test-all.R’ [40s/92s]
    Running the tests in ‘tests/test-all.R’ failed.
    Last 13 lines of output:
     1: rmarkdown::render(tf, quiet = TRUE) at testthat/test_mudata.io.R:554
     2: pandoc_available(required_pandoc, error = TRUE)
     3: stop(paste(msg, collapse = " "), call. = FALSE)
    
     OGR: Unsupported geometry type
     OGR: Unsupported geometry type
     OGR: Unsupported geometry type
     OGR: Unsupported geometry type
     OGR: Unsupported geometry type
     ══ testthat results ═══════════════════════════════════════════════════════════
     OK: 967 SKIPPED: 0 FAILED: 1
     1. Error: read/write functions work inside RMarkdown (@test_mudata.io.R#554)
    
     Error: testthat unit tests failed
     Execution halted
Flavor: r-release-osx-x86_64

Version: 1.0.6
Check: tests
Result: ERROR
     Running ‘test-all.R’ [33s/33s]
    Running the tests in ‘tests/test-all.R’ failed.
    Last 13 lines of output:
     1: rmarkdown::render(tf, quiet = TRUE) at testthat/test_mudata.io.R:554
     2: pandoc_available(required_pandoc, error = TRUE)
     3: stop(paste(msg, collapse = " "), call. = FALSE)
    
     OGR: Unsupported geometry type
     OGR: Unsupported geometry type
     OGR: Unsupported geometry type
     OGR: Unsupported geometry type
     OGR: Unsupported geometry type
     ══ testthat results ═══════════════════════════════════════════════════════════
     OK: 961 SKIPPED: 0 WARNINGS: 4 FAILED: 1
     1. Error: read/write functions work inside RMarkdown (@test_mudata.io.R#554)
    
     Error: testthat unit tests failed
     Execution halted
Flavor: r-oldrel-osx-x86_64