CRAN Package Check Results for Package movMF

Last updated on 2020-01-27 00:48:08 CET.

Flavor Version Tinstall Tcheck Ttotal Status Flags
r-devel-linux-x86_64-debian-clang 0.2-4 4.09 53.33 57.42 NOTE
r-devel-linux-x86_64-debian-gcc 0.2-4 3.59 40.51 44.10 NOTE
r-devel-linux-x86_64-fedora-clang 0.2-4 70.90 NOTE
r-devel-linux-x86_64-fedora-gcc 0.2-4 68.90 NOTE
r-devel-windows-ix86+x86_64 0.2-4 20.00 102.00 122.00 NOTE
r-devel-windows-ix86+x86_64-gcc8 0.2-4 15.00 83.00 98.00 NOTE
r-patched-linux-x86_64 0.2-4 3.82 48.57 52.39 NOTE
r-patched-solaris-x86 0.2-4 73.70 NOTE
r-release-linux-x86_64 0.2-4 4.02 48.11 52.13 NOTE
r-release-windows-ix86+x86_64 0.2-4 11.00 69.00 80.00 NOTE
r-release-osx-x86_64 0.2-4 NOTE
r-oldrel-windows-ix86+x86_64 0.2-4 9.00 62.00 71.00 NOTE
r-oldrel-osx-x86_64 0.2-4 NOTE

Check Details

Version: 0.2-4
Check: package dependencies
Result: NOTE
    Package suggested but not available for checking: 'corpus.useR.2008.abstracts'
Flavors: r-devel-linux-x86_64-debian-clang, r-devel-linux-x86_64-debian-gcc, r-devel-linux-x86_64-fedora-clang, r-devel-linux-x86_64-fedora-gcc, r-devel-windows-ix86+x86_64, r-devel-windows-ix86+x86_64-gcc8, r-patched-linux-x86_64, r-patched-solaris-x86, r-release-linux-x86_64, r-release-windows-ix86+x86_64, r-release-osx-x86_64, r-oldrel-windows-ix86+x86_64, r-oldrel-osx-x86_64