CRAN Package Check Results for Package movMF

Last updated on 2019-09-15 01:46:59 CEST.

Flavor Version Tinstall Tcheck Ttotal Status Flags
r-devel-linux-x86_64-debian-clang 0.2-4 4.12 50.17 54.29 NOTE
r-devel-linux-x86_64-debian-gcc 0.2-4 3.36 38.98 42.34 NOTE
r-devel-linux-x86_64-fedora-clang 0.2-4 65.57 NOTE
r-devel-linux-x86_64-fedora-gcc 0.2-4 65.89 NOTE
r-devel-windows-ix86+x86_64 0.2-4 14.00 65.00 79.00 NOTE
r-patched-linux-x86_64 0.2-4 3.23 48.94 52.17 NOTE
r-patched-solaris-x86 0.2-4 80.50 NOTE
r-release-linux-x86_64 0.2-4 4.00 50.30 54.30 NOTE
r-release-windows-ix86+x86_64 0.2-4 11.00 92.00 103.00 NOTE
r-release-osx-x86_64 0.2-4 NOTE
r-oldrel-windows-ix86+x86_64 0.2-4 13.00 62.00 75.00 NOTE
r-oldrel-osx-x86_64 0.2-4 NOTE

Check Details

Version: 0.2-4
Check: package dependencies
Result: NOTE
    Package suggested but not available for checking: 'corpus.useR.2008.abstracts'
Flavors: r-devel-linux-x86_64-debian-clang, r-devel-linux-x86_64-debian-gcc, r-devel-linux-x86_64-fedora-clang, r-devel-linux-x86_64-fedora-gcc, r-devel-windows-ix86+x86_64, r-patched-linux-x86_64, r-patched-solaris-x86, r-release-linux-x86_64, r-release-windows-ix86+x86_64, r-release-osx-x86_64, r-oldrel-windows-ix86+x86_64, r-oldrel-osx-x86_64