CRAN Package Check Results for Package modifiedmk

Last updated on 2019-08-22 01:49:52 CEST.

Flavor Version Tinstall Tcheck Ttotal Status Flags
r-devel-linux-x86_64-debian-clang 1.4.0 2.86 28.56 31.42 NOTE
r-devel-linux-x86_64-debian-gcc 1.4.0 2.44 22.22 24.66 NOTE
r-devel-linux-x86_64-fedora-clang 1.4.0 41.57 OK
r-devel-linux-x86_64-fedora-gcc 1.4.0 38.26 OK
r-devel-windows-ix86+x86_64 1.4.0 11.00 53.00 64.00 NOTE
r-patched-linux-x86_64 1.4.0 2.81 28.06 30.87 OK
r-patched-solaris-x86 1.4.0 61.30 OK
r-release-linux-x86_64 1.4.0 2.65 28.38 31.03 OK
r-release-windows-ix86+x86_64 1.4.0 5.00 53.00 58.00 OK
r-release-osx-x86_64 1.4.0 OK
r-oldrel-windows-ix86+x86_64 1.4.0 6.00 58.00 64.00 OK
r-oldrel-osx-x86_64 1.4.0 OK

Check Details

Version: 1.4.0
Check: package vignettes
Result: NOTE
    Package vignette with placeholder title 'Vignette Title':
     'my-vignette.Rmd'
Flavors: r-devel-linux-x86_64-debian-clang, r-devel-linux-x86_64-debian-gcc, r-devel-windows-ix86+x86_64