CRAN Package Check Results for Package modeltools

Last updated on 2019-11-12 00:52:48 CET.

Flavor Version Tinstall Tcheck Ttotal Status Flags
r-devel-linux-x86_64-debian-clang 0.2-22 3.60 26.74 30.34 OK
r-devel-linux-x86_64-debian-gcc 0.2-22 2.92 21.49 24.41 OK
r-devel-linux-x86_64-fedora-clang 0.2-22 38.76 NOTE
r-devel-linux-x86_64-fedora-gcc 0.2-22 39.44 NOTE
r-devel-windows-ix86+x86_64 0.2-22 9.00 44.00 53.00 OK
r-patched-linux-x86_64 0.2-22 3.64 26.32 29.96 OK
r-patched-solaris-x86 0.2-22 65.50 OK
r-release-linux-x86_64 0.2-22 3.34 26.26 29.60 OK
r-release-windows-ix86+x86_64 0.2-22 8.00 57.00 65.00 OK
r-release-osx-x86_64 0.2-22 OK
r-oldrel-windows-ix86+x86_64 0.2-22 5.00 36.00 41.00 OK
r-oldrel-osx-x86_64 0.2-22 OK

Check Details

Version: 0.2-22
Check: top-level files
Result: NOTE
    ‘cleanup’: /bin/bash is not portable
Flavors: r-devel-linux-x86_64-fedora-clang, r-devel-linux-x86_64-fedora-gcc