CRAN Package Check Results for Package modcmfitr

Last updated on 2019-08-23 01:47:30 CEST.

Flavor Version Tinstall Tcheck Ttotal Status Flags
r-devel-linux-x86_64-debian-clang 0.1.0 2.15 66.59 68.74 OK
r-devel-linux-x86_64-debian-gcc 0.1.0 1.81 50.58 52.39 OK
r-devel-linux-x86_64-fedora-clang 0.1.0 89.55 OK
r-devel-linux-x86_64-fedora-gcc 0.1.0 81.26 OK
r-devel-windows-ix86+x86_64 0.1.0 8.00 101.00 109.00 OK
r-patched-linux-x86_64 0.1.0 1.88 63.51 65.39 NOTE
r-patched-solaris-x86 0.1.0 138.80 OK
r-release-linux-x86_64 0.1.0 1.67 66.04 67.71 NOTE
r-release-windows-ix86+x86_64 0.1.0 4.00 103.00 107.00 OK
r-release-osx-x86_64 0.1.0 OK
r-oldrel-windows-ix86+x86_64 0.1.0 4.00 100.00 104.00 OK
r-oldrel-osx-x86_64 0.1.0 OK

Check Details

Version: 0.1.0
Check: DESCRIPTION meta-information
Result: NOTE
    Dependence on R version ‘3.4.2’ not with patchlevel 0
Flavors: r-patched-linux-x86_64, r-release-linux-x86_64