CRAN Package Check Results for Package modcmfitr

Last updated on 2019-12-11 00:49:24 CET.

Flavor Version Tinstall Tcheck Ttotal Status Flags
r-devel-linux-x86_64-debian-clang 0.1.0 2.23 66.28 68.51 OK
r-devel-linux-x86_64-debian-gcc 0.1.0 1.75 50.92 52.67 OK
r-devel-linux-x86_64-fedora-clang 0.1.0 87.36 OK
r-devel-linux-x86_64-fedora-gcc 0.1.0 85.45 OK
r-devel-windows-ix86+x86_64 0.1.0 5.00 105.00 110.00 OK
r-devel-windows-ix86+x86_64-gcc8 0.1.0 7.00 107.00 114.00 OK
r-patched-linux-x86_64 0.1.0 1.67 61.74 63.41 NOTE
r-patched-solaris-x86 0.1.0 146.00 OK
r-release-linux-x86_64 0.1.0 1.72 62.36 64.08 NOTE
r-release-windows-ix86+x86_64 0.1.0 5.00 74.00 79.00 OK
r-release-osx-x86_64 0.1.0 OK
r-oldrel-windows-ix86+x86_64 0.1.0 3.00 76.00 79.00 OK
r-oldrel-osx-x86_64 0.1.0 OK

Check Details

Version: 0.1.0
Check: DESCRIPTION meta-information
Result: NOTE
    Dependence on R version ‘3.4.2’ not with patchlevel 0
Flavors: r-patched-linux-x86_64, r-release-linux-x86_64