CRAN Package Check Results for Package microsynth

Last updated on 2019-09-20 01:47:48 CEST.

Flavor Version Tinstall Tcheck Ttotal Status Flags
r-devel-linux-x86_64-debian-clang 2.0.13 7.07 96.18 103.25 OK
r-devel-linux-x86_64-debian-gcc 2.0.13 6.25 69.62 75.87 OK
r-devel-linux-x86_64-fedora-clang 2.0.13 122.84 NOTE
r-devel-linux-x86_64-fedora-gcc 2.0.13 131.85 NOTE
r-devel-windows-ix86+x86_64 2.0.13 16.00 100.00 116.00 OK
r-patched-linux-x86_64 2.0.13 6.41 91.92 98.33 OK
r-patched-solaris-x86 2.0.13 168.60 NOTE
r-release-linux-x86_64 2.0.13 6.25 92.26 98.51 OK
r-release-windows-ix86+x86_64 2.0.13 11.00 128.00 139.00 OK
r-release-osx-x86_64 2.0.13 NOTE
r-oldrel-windows-ix86+x86_64 2.0.13 7.00 90.00 97.00 OK
r-oldrel-osx-x86_64 2.0.13 NOTE

Check Details

Version: 2.0.13
Check: dependencies in R code
Result: NOTE
    Namespace in Imports field not imported from: ‘MASS’
     All declared Imports should be used.
Flavors: r-devel-linux-x86_64-fedora-clang, r-devel-linux-x86_64-fedora-gcc, r-patched-solaris-x86, r-release-osx-x86_64, r-oldrel-osx-x86_64