CRAN Package Check Results for Package meta

Last updated on 2019-06-24 01:47:43 CEST.

Flavor Version Tinstall Tcheck Ttotal Status Flags
r-devel-linux-x86_64-debian-clang 4.9-5 29.33 151.10 180.43 OK
r-devel-linux-x86_64-debian-gcc 4.9-5 27.38 120.23 147.61 OK
r-devel-linux-x86_64-fedora-clang 4.9-5 218.64 NOTE
r-devel-linux-x86_64-fedora-gcc 4.9-5 209.97 NOTE
r-devel-windows-ix86+x86_64 4.9-5 55.00 160.00 215.00 OK
r-patched-linux-x86_64 4.9-5 27.04 153.55 180.59 OK
r-patched-solaris-x86 4.9-5 281.60 NOTE
r-release-linux-x86_64 4.9-5 27.85 153.58 181.43 OK
r-release-windows-ix86+x86_64 4.9-5 43.00 213.00 256.00 OK
r-release-osx-x86_64 4.9-5 NOTE
r-oldrel-windows-ix86+x86_64 4.9-5 30.00 198.00 228.00 OK
r-oldrel-osx-x86_64 4.9-5 NOTE

Check Details

Version: 4.9-5
Check: dependencies in R code
Result: NOTE
    Namespace in Imports field not imported from: ‘lme4’
     All declared Imports should be used.
Flavors: r-devel-linux-x86_64-fedora-clang, r-devel-linux-x86_64-fedora-gcc, r-patched-solaris-x86, r-release-osx-x86_64, r-oldrel-osx-x86_64