CRAN Package Check Results for Package meta

Last updated on 2019-09-17 01:50:13 CEST.

Flavor Version Tinstall Tcheck Ttotal Status Flags
r-devel-linux-x86_64-debian-clang 4.9-6 28.47 153.30 181.77 OK
r-devel-linux-x86_64-debian-gcc 4.9-6 OK
r-devel-linux-x86_64-fedora-clang 4.9-6 224.06 NOTE
r-devel-linux-x86_64-fedora-gcc 4.9-6 240.67 NOTE
r-devel-windows-ix86+x86_64 4.9-6 62.00 152.00 214.00 OK
r-patched-linux-x86_64 4.9-6 27.52 153.15 180.67 OK
r-patched-solaris-x86 4.9-6 286.30 NOTE
r-release-linux-x86_64 4.9-6 29.65 153.33 182.98 OK
r-release-windows-ix86+x86_64 4.9-6 38.00 209.00 247.00 OK
r-release-osx-x86_64 4.9-6 NOTE
r-oldrel-windows-ix86+x86_64 4.9-6 45.00 137.00 182.00 OK
r-oldrel-osx-x86_64 4.9-6 NOTE

Check Details

Version: 4.9-6
Check: dependencies in R code
Result: NOTE
    Namespace in Imports field not imported from: ‘lme4’
     All declared Imports should be used.
Flavors: r-devel-linux-x86_64-fedora-clang, r-devel-linux-x86_64-fedora-gcc, r-patched-solaris-x86, r-release-osx-x86_64, r-oldrel-osx-x86_64