CRAN Package Check Results for Package memery

Last updated on 2019-07-21 01:46:58 CEST.

Flavor Version Tinstall Tcheck Ttotal Status Flags
r-devel-linux-x86_64-debian-clang 0.5.2 2.94 53.13 56.07 NOTE
r-devel-linux-x86_64-debian-gcc 0.5.2 2.30 41.31 43.61 NOTE
r-devel-linux-x86_64-fedora-clang 0.5.2 65.01 NOTE
r-devel-linux-x86_64-fedora-gcc 0.5.2 65.66 NOTE
r-devel-windows-ix86+x86_64 0.5.2 7.00 97.00 104.00 OK
r-patched-linux-x86_64 0.5.2 2.56 50.61 53.17 OK
r-patched-solaris-x86 0.5.2 101.20 NOTE
r-release-linux-x86_64 0.5.2 2.42 52.34 54.76 OK
r-release-windows-ix86+x86_64 0.5.2 6.00 62.00 68.00 OK
r-release-osx-x86_64 0.5.2 NOTE
r-oldrel-windows-ix86+x86_64 0.5.2 6.00 90.00 96.00 OK
r-oldrel-osx-x86_64 0.5.2 NOTE

Check Details

Version: 0.5.2
Check: for non-standard things in the check directory
Result: NOTE
    Found the following files/directories:
     'meme_data2.jpg'
Flavors: r-devel-linux-x86_64-debian-clang, r-devel-linux-x86_64-debian-gcc, r-devel-linux-x86_64-fedora-clang, r-devel-linux-x86_64-fedora-gcc

Version: 0.5.2
Check: dependencies in R code
Result: NOTE
    Namespaces in Imports field not imported from:
     ‘colourpicker’ ‘shinyBS’ ‘shinycssloaders’
     All declared Imports should be used.
Flavors: r-devel-linux-x86_64-fedora-clang, r-devel-linux-x86_64-fedora-gcc, r-patched-solaris-x86, r-release-osx-x86_64, r-oldrel-osx-x86_64

Version: 0.5.2
Check: package dependencies
Result: NOTE
    Package suggested but not available for checking: ‘gifski’
Flavor: r-patched-solaris-x86