CRAN Package Check Results for Package memery

Last updated on 2019-11-12 00:52:47 CET.

Flavor Version Tinstall Tcheck Ttotal Status Flags
r-devel-linux-x86_64-debian-clang 0.5.2 3.10 53.69 56.79 NOTE
r-devel-linux-x86_64-debian-gcc 0.5.2 2.49 41.80 44.29 NOTE
r-devel-linux-x86_64-fedora-clang 0.5.2 70.80 NOTE
r-devel-linux-x86_64-fedora-gcc 0.5.2 67.17 NOTE
r-devel-windows-ix86+x86_64 0.5.2 9.00 84.00 93.00 OK
r-patched-linux-x86_64 0.5.2 3.09 51.86 54.95 OK
r-patched-solaris-x86 0.5.2 96.20 NOTE
r-release-linux-x86_64 0.5.2 2.58 51.45 54.03 OK
r-release-windows-ix86+x86_64 0.5.2 15.00 110.00 125.00 OK
r-release-osx-x86_64 0.5.2 NOTE
r-oldrel-windows-ix86+x86_64 0.5.2 6.00 102.00 108.00 OK
r-oldrel-osx-x86_64 0.5.2 NOTE

Check Details

Version: 0.5.2
Check: for non-standard things in the check directory
Result: NOTE
    Found the following files/directories:
     'meme_data2.jpg'
Flavors: r-devel-linux-x86_64-debian-clang, r-devel-linux-x86_64-debian-gcc, r-devel-linux-x86_64-fedora-clang, r-devel-linux-x86_64-fedora-gcc

Version: 0.5.2
Check: dependencies in R code
Result: NOTE
    Namespaces in Imports field not imported from:
     ‘colourpicker’ ‘shinyBS’ ‘shinycssloaders’
     All declared Imports should be used.
Flavors: r-devel-linux-x86_64-fedora-clang, r-devel-linux-x86_64-fedora-gcc, r-patched-solaris-x86, r-release-osx-x86_64, r-oldrel-osx-x86_64

Version: 0.5.2
Check: package dependencies
Result: NOTE
    Package suggested but not available for checking: ‘gifski’
Flavor: r-patched-solaris-x86