CRAN Package Check Results for Package meboot

Last updated on 2019-12-05 00:51:59 CET.

Flavor Version Tinstall Tcheck Ttotal Status Flags
r-devel-linux-x86_64-debian-clang 1.4-7 6.14 50.73 56.87 OK
r-devel-linux-x86_64-debian-gcc 1.4-7 5.37 38.99 44.36 OK
r-devel-linux-x86_64-fedora-clang 1.4-7 66.77 NOTE
r-devel-linux-x86_64-fedora-gcc 1.4-7 63.69 NOTE
r-devel-windows-ix86+x86_64 1.4-7 25.00 120.00 145.00 OK
r-devel-windows-ix86+x86_64-gcc8 1.4-7 20.00 140.00 160.00 OK
r-patched-linux-x86_64 1.4-7 4.79 45.10 49.89 OK
r-patched-solaris-x86 1.4-7 94.50 OK
r-release-linux-x86_64 1.4-7 4.78 48.20 52.98 OK
r-release-windows-ix86+x86_64 1.4-7 14.00 79.00 93.00 OK
r-release-osx-x86_64 1.4-7 OK
r-oldrel-windows-ix86+x86_64 1.4-7 10.00 84.00 94.00 OK
r-oldrel-osx-x86_64 1.4-7 OK

Check Details

Version: 1.4-7
Check: compiled code
Result: NOTE
    File ‘meboot/libs/meboot.so’:
     Found no calls to: ‘R_registerRoutines’, ‘R_useDynamicSymbols’
    
    It is good practice to register native routines and to disable symbol
    search.
    
    See ‘Writing portable packages’ in the ‘Writing R Extensions’ manual.
Flavors: r-devel-linux-x86_64-fedora-clang, r-devel-linux-x86_64-fedora-gcc