CRAN Package Check Results for Package meboot

Last updated on 2019-08-18 01:46:13 CEST.

Flavor Version Tinstall Tcheck Ttotal Status Flags
r-devel-linux-x86_64-debian-clang 1.4-7 5.58 48.59 54.17 OK
r-devel-linux-x86_64-debian-gcc 1.4-7 5.05 37.32 42.37 OK
r-devel-linux-x86_64-fedora-clang 1.4-7 68.33 NOTE
r-devel-linux-x86_64-fedora-gcc 1.4-7 63.01 NOTE
r-devel-windows-ix86+x86_64 1.4-7 27.00 121.00 148.00 OK
r-patched-linux-x86_64 1.4-7 5.05 46.13 51.18 OK
r-patched-solaris-x86 1.4-7 96.20 OK
r-release-linux-x86_64 1.4-7 5.43 46.14 51.57 OK
r-release-windows-ix86+x86_64 1.4-7 16.00 126.00 142.00 OK
r-release-osx-x86_64 1.4-7 OK
r-oldrel-windows-ix86+x86_64 1.4-7 20.00 109.00 129.00 OK
r-oldrel-osx-x86_64 1.4-7 OK

Check Details

Version: 1.4-7
Check: compiled code
Result: NOTE
    File ‘meboot/libs/meboot.so’:
     Found no calls to: ‘R_registerRoutines’, ‘R_useDynamicSymbols’
    
    It is good practice to register native routines and to disable symbol
    search.
    
    See ‘Writing portable packages’ in the ‘Writing R Extensions’ manual.
Flavors: r-devel-linux-x86_64-fedora-clang, r-devel-linux-x86_64-fedora-gcc