CRAN Package Check Results for Package mcclust

Last updated on 2019-12-11 00:49:24 CET.

Flavor Version Tinstall Tcheck Ttotal Status Flags
r-devel-linux-x86_64-debian-clang 1.0 3.10 29.97 33.07 NOTE
r-devel-linux-x86_64-debian-gcc 1.0 2.42 23.89 26.31 NOTE
r-devel-linux-x86_64-fedora-clang 1.0 40.73 NOTE
r-devel-linux-x86_64-fedora-gcc 1.0 39.91 NOTE
r-devel-windows-ix86+x86_64 1.0 8.00 79.00 87.00 NOTE
r-devel-windows-ix86+x86_64-gcc8 1.0 8.00 80.00 88.00 NOTE
r-patched-linux-x86_64 1.0 2.22 27.87 30.09 NOTE
r-patched-solaris-x86 1.0 62.20 NOTE
r-release-linux-x86_64 1.0 2.25 27.97 30.22 NOTE
r-release-windows-ix86+x86_64 1.0 8.00 85.00 93.00 NOTE
r-release-osx-x86_64 1.0 NOTE
r-oldrel-windows-ix86+x86_64 1.0 10.00 52.00 62.00 NOTE
r-oldrel-osx-x86_64 1.0 NOTE

Check Details

Version: 1.0
Check: dependencies in R code
Result: NOTE
    Package in Depends field not imported from: 'lpSolve'
     These packages need to be imported from (in the NAMESPACE file)
     for when this namespace is loaded but not attached.
Flavors: r-devel-linux-x86_64-debian-clang, r-devel-linux-x86_64-debian-gcc, r-devel-linux-x86_64-fedora-clang, r-devel-linux-x86_64-fedora-gcc, r-devel-windows-ix86+x86_64, r-devel-windows-ix86+x86_64-gcc8, r-patched-linux-x86_64, r-patched-solaris-x86, r-release-linux-x86_64, r-release-windows-ix86+x86_64, r-release-osx-x86_64, r-oldrel-windows-ix86+x86_64, r-oldrel-osx-x86_64

Version: 1.0
Check: R code for possible problems
Result: NOTE
    laugreen: no visible global function definition for 'combn'
    laugreen: no visible global function definition for 'lp'
    maxpear: no visible global function definition for 'hclust'
    maxpear: no visible global function definition for 'as.dist'
    maxpear : <anonymous>: no visible global function definition for
     'cutree'
    medv: no visible global function definition for 'cutree'
    medv: no visible global function definition for 'hclust'
    medv: no visible global function definition for 'as.dist'
    minbinder: no visible global function definition for 'hclust'
    minbinder: no visible global function definition for 'as.dist'
    minbinder : <anonymous>: no visible global function definition for
     'cutree'
    relabel : min.perm.labels: no visible global function definition for
     'lp.transport'
    Undefined global functions or variables:
     as.dist combn cutree hclust lp lp.transport
    Consider adding
     importFrom("stats", "as.dist", "cutree", "hclust")
     importFrom("utils", "combn")
    to your NAMESPACE file.
Flavors: r-devel-linux-x86_64-debian-clang, r-devel-linux-x86_64-debian-gcc, r-devel-linux-x86_64-fedora-clang, r-devel-linux-x86_64-fedora-gcc, r-devel-windows-ix86+x86_64, r-devel-windows-ix86+x86_64-gcc8, r-patched-linux-x86_64, r-patched-solaris-x86, r-release-linux-x86_64, r-release-windows-ix86+x86_64, r-release-osx-x86_64, r-oldrel-windows-ix86+x86_64, r-oldrel-osx-x86_64

Version: 1.0
Check: compiled code
Result: NOTE
    File ‘mcclust/libs/mcclust.so’:
     Found no calls to: ‘R_registerRoutines’, ‘R_useDynamicSymbols’
    
    It is good practice to register native routines and to disable symbol
    search.
    
    See ‘Writing portable packages’ in the ‘Writing R Extensions’ manual.
Flavors: r-devel-linux-x86_64-fedora-clang, r-devel-linux-x86_64-fedora-gcc