CRAN Package Check Results for Package mapsapi

Last updated on 2019-12-05 00:51:59 CET.

Flavor Version Tinstall Tcheck Ttotal Status Flags
r-devel-linux-x86_64-debian-clang 0.4.2 4.97 55.68 60.65 OK
r-devel-linux-x86_64-debian-gcc 0.4.2 3.40 42.41 45.81 OK
r-devel-linux-x86_64-fedora-clang 0.4.2 71.43 NOTE
r-devel-linux-x86_64-fedora-gcc 0.4.2 71.75 NOTE
r-devel-windows-ix86+x86_64 0.4.2 10.00 89.00 99.00 OK
r-devel-windows-ix86+x86_64-gcc8 0.4.2 12.00 120.00 132.00 OK
r-patched-linux-x86_64 0.4.2 3.68 50.72 54.40 OK
r-patched-solaris-x86 0.4.2 97.50 WARN
r-release-linux-x86_64 0.4.2 4.79 53.53 58.32 OK
r-release-windows-ix86+x86_64 0.4.2 15.00 63.00 78.00 OK
r-release-osx-x86_64 0.4.2 WARN
r-oldrel-windows-ix86+x86_64 0.4.2 7.00 65.00 72.00 OK
r-oldrel-osx-x86_64 0.4.2 WARN

Check Details

Version: 0.4.2
Check: dependencies in R code
Result: NOTE
    Namespace in Imports field not imported from: ‘plyr’
     All declared Imports should be used.
Flavors: r-devel-linux-x86_64-fedora-clang, r-devel-linux-x86_64-fedora-gcc, r-patched-solaris-x86, r-release-osx-x86_64, r-oldrel-osx-x86_64

Version: 0.4.2
Check: re-building of vignette outputs
Result: WARN
    Error(s) in re-building vignettes:
     ...
    --- re-building ‘intro.Rmd’ using rmarkdown
    Warning in engine$weave(file, quiet = quiet, encoding = enc) :
     Pandoc (>= 1.12.3) and/or pandoc-citeproc not available. Falling back to R Markdown v1.
    Quitting from lines 95-100 (intro.Rmd)
    Error: processing vignette 'intro.Rmd' failed with diagnostics:
    there is no package called 'webshot'
    --- failed re-building ‘intro.Rmd’
    
    SUMMARY: processing the following file failed:
     ‘intro.Rmd’
    
    Error: Vignette re-building failed.
    Execution halted
Flavor: r-patched-solaris-x86

Version: 0.4.2
Check: re-building of vignette outputs
Result: WARN
    Error(s) in re-building vignettes:
     ...
    --- re-building ‘intro.Rmd’ using rmarkdown
    Warning in engine$weave(file, quiet = quiet, encoding = enc) :
     Pandoc (>= 1.12.3) and/or pandoc-citeproc not available. Falling back to R Markdown v1.
    Quitting from lines 95-100 (intro.Rmd)
    Error: processing vignette 'intro.Rmd' failed with diagnostics:
    cannot open the connection
    --- failed re-building ‘intro.Rmd’
    
    SUMMARY: processing the following file failed:
     ‘intro.Rmd’
    
    Error: Vignette re-building failed.
    Execution halted
Flavor: r-release-osx-x86_64

Version: 0.4.2
Check: re-building of vignette outputs
Result: WARN
    Error in re-building vignettes:
     ...
    Warning in engine$weave(file, quiet = quiet, encoding = enc) :
     Pandoc (>= 1.12.3) and/or pandoc-citeproc not available. Falling back to R Markdown v1.
    Quitting from lines 95-100 (intro.Rmd)
    Error: processing vignette 'intro.Rmd' failed with diagnostics:
    cannot open the connection
    Execution halted
Flavor: r-oldrel-osx-x86_64