CRAN Package Check Results for Package mapsapi

Last updated on 2019-08-20 01:48:11 CEST.

Flavor Version Tinstall Tcheck Ttotal Status Flags
r-devel-linux-x86_64-debian-clang 0.4.1 4.43 51.11 55.54 OK
r-devel-linux-x86_64-debian-gcc 0.4.1 3.69 40.32 44.01 OK
r-devel-linux-x86_64-fedora-clang 0.4.1 75.54 NOTE
r-devel-linux-x86_64-fedora-gcc 0.4.1 70.20 NOTE
r-devel-windows-ix86+x86_64 0.4.1 17.00 94.00 111.00 OK
r-patched-linux-x86_64 0.4.1 4.49 51.09 55.58 OK
r-patched-solaris-x86 0.4.1 104.80 WARN
r-release-linux-x86_64 0.4.1 4.36 51.00 55.36 OK
r-release-windows-ix86+x86_64 0.4.1 10.00 66.00 76.00 OK
r-release-osx-x86_64 0.4.1 WARN
r-oldrel-windows-ix86+x86_64 0.4.1 10.00 86.00 96.00 OK
r-oldrel-osx-x86_64 0.4.1 WARN

Check Details

Version: 0.4.1
Check: dependencies in R code
Result: NOTE
    Namespace in Imports field not imported from: ‘plyr’
     All declared Imports should be used.
Flavors: r-devel-linux-x86_64-fedora-clang, r-devel-linux-x86_64-fedora-gcc, r-patched-solaris-x86, r-release-osx-x86_64, r-oldrel-osx-x86_64

Version: 0.4.1
Check: re-building of vignette outputs
Result: WARN
    Error(s) in re-building vignettes:
     ...
    --- re-building ‘intro.Rmd’ using rmarkdown
    Warning in engine$weave(file, quiet = quiet, encoding = enc) :
     Pandoc (>= 1.12.3) and/or pandoc-citeproc not available. Falling back to R Markdown v1.
    Quitting from lines 95-100 (intro.Rmd)
    Error: processing vignette 'intro.Rmd' failed with diagnostics:
    there is no package called 'webshot'
    --- failed re-building ‘intro.Rmd’
    
    SUMMARY: processing the following file failed:
     ‘intro.Rmd’
    
    Error: Vignette re-building failed.
    Execution halted
Flavor: r-patched-solaris-x86

Version: 0.4.1
Check: re-building of vignette outputs
Result: WARN
    Error(s) in re-building vignettes:
     ...
    --- re-building ‘intro.Rmd’ using rmarkdown
    Warning in engine$weave(file, quiet = quiet, encoding = enc) :
     Pandoc (>= 1.12.3) and/or pandoc-citeproc not available. Falling back to R Markdown v1.
    Quitting from lines 95-100 (intro.Rmd)
    Error: processing vignette 'intro.Rmd' failed with diagnostics:
    cannot open the connection
    --- failed re-building ‘intro.Rmd’
    
    SUMMARY: processing the following file failed:
     ‘intro.Rmd’
    
    Error: Vignette re-building failed.
    Execution halted
Flavor: r-release-osx-x86_64

Version: 0.4.1
Check: re-building of vignette outputs
Result: WARN
    Error in re-building vignettes:
     ...
    Warning in engine$weave(file, quiet = quiet, encoding = enc) :
     Pandoc (>= 1.12.3) and/or pandoc-citeproc not available. Falling back to R Markdown v1.
    Quitting from lines 95-100 (intro.Rmd)
    Error: processing vignette 'intro.Rmd' failed with diagnostics:
    cannot open the connection
    Execution halted
Flavor: r-oldrel-osx-x86_64