CRAN Package Check Results for Package mapi

Last updated on 2019-08-17 02:47:39 CEST.

Flavor Version Tinstall Tcheck Ttotal Status Flags
r-devel-linux-x86_64-debian-clang 1.0.0-62 15.65 37.89 53.54 OK
r-devel-linux-x86_64-debian-gcc 1.0.0-62 14.13 30.20 44.33 OK
r-devel-linux-x86_64-fedora-clang 1.0.0-62 73.38 NOTE
r-devel-linux-x86_64-fedora-gcc 1.0.0-62 70.76 NOTE
r-devel-windows-ix86+x86_64 1.0.0-62 52.00 94.00 146.00 OK
r-patched-linux-x86_64 1.0.0-62 16.20 37.04 53.24 OK
r-patched-solaris-x86 1.0.0-62 91.40 NOTE
r-release-linux-x86_64 1.0.0-62 14.11 36.84 50.95 OK
r-release-windows-ix86+x86_64 1.0.0-62 44.00 91.00 135.00 OK
r-release-osx-x86_64 1.0.0-62 NOTE
r-oldrel-windows-ix86+x86_64 1.0.0-62 42.00 93.00 135.00 OK
r-oldrel-osx-x86_64 1.0.0-62 NOTE

Check Details

Version: 1.0.0-62
Check: dependencies in R code
Result: NOTE
    Namespace in Imports field not imported from: ‘parallel’
     All declared Imports should be used.
Flavors: r-devel-linux-x86_64-fedora-clang, r-devel-linux-x86_64-fedora-gcc, r-patched-solaris-x86, r-release-osx-x86_64, r-oldrel-osx-x86_64