CRAN Package Check Results for Package mapi

Last updated on 2019-05-22 01:46:35 CEST.

Flavor Version Tinstall Tcheck Ttotal Status Flags
r-devel-linux-x86_64-debian-clang 1.0.0-62 16.99 37.61 54.60 OK
r-devel-linux-x86_64-debian-gcc 1.0.0-62 14.50 30.45 44.95 OK
r-devel-linux-x86_64-fedora-clang 1.0.0-62 76.84 NOTE
r-devel-linux-x86_64-fedora-gcc 1.0.0-62 64.45 NOTE
r-devel-windows-ix86+x86_64 1.0.0-62 36.00 96.00 132.00 OK
r-patched-linux-x86_64 1.0.0-62 17.31 36.99 54.30 OK
r-patched-solaris-x86 1.0.0-62 96.90 NOTE
r-release-linux-x86_64 1.0.0-62 16.41 37.08 53.49 OK
r-release-windows-ix86+x86_64 1.0.0-62 41.00 75.00 116.00 OK
r-release-osx-x86_64 1.0.0-62 NOTE
r-oldrel-windows-ix86+x86_64 1.0.0-62 28.00 72.00 100.00 OK
r-oldrel-osx-x86_64 1.0.0-62 NOTE

Check Details

Version: 1.0.0-62
Check: dependencies in R code
Result: NOTE
    Namespace in Imports field not imported from: ‘parallel’
     All declared Imports should be used.
Flavors: r-devel-linux-x86_64-fedora-clang, r-devel-linux-x86_64-fedora-gcc, r-patched-solaris-x86, r-release-osx-x86_64, r-oldrel-osx-x86_64