CRAN Package Check Results for Package mapdeck

Last updated on 2019-08-22 01:49:51 CEST.

Flavor Version Tinstall Tcheck Ttotal Status Flags
r-devel-linux-x86_64-debian-clang 0.2.1 350.09 39.12 389.21 OK
r-devel-linux-x86_64-debian-gcc 0.2.1 479.59 31.26 510.85 OK
r-devel-linux-x86_64-fedora-clang 0.2.1 610.82 NOTE
r-devel-linux-x86_64-fedora-gcc 0.2.1 1051.01 NOTE
r-devel-windows-ix86+x86_64 0.2.1 959.00 117.00 1076.00 NOTE
r-patched-linux-x86_64 0.2.1 462.30 39.09 501.39 OK
r-patched-solaris-x86 0.2.1 554.10 NOTE
r-release-linux-x86_64 0.2.1 454.95 39.21 494.16 OK
r-release-windows-ix86+x86_64 0.2.1 909.00 123.00 1032.00 NOTE
r-release-osx-x86_64 0.2.1 NOTE
r-oldrel-windows-ix86+x86_64 0.2.1 925.00 118.00 1043.00 NOTE
r-oldrel-osx-x86_64 0.2.1 NOTE

Check Details

Version: 0.2.1
Check: installed package size
Result: NOTE
     installed size is 45.9Mb
     sub-directories of 1Mb or more:
     doc 1.2Mb
     htmlwidgets 1.5Mb
     libs 41.9Mb
Flavors: r-devel-linux-x86_64-fedora-clang, r-devel-windows-ix86+x86_64, r-patched-solaris-x86, r-release-windows-ix86+x86_64, r-release-osx-x86_64, r-oldrel-windows-ix86+x86_64, r-oldrel-osx-x86_64

Version: 0.2.1
Check: dependencies in R code
Result: NOTE
    Namespace in Imports field not imported from: ‘htmltools’
     All declared Imports should be used.
Flavors: r-devel-linux-x86_64-fedora-clang, r-devel-linux-x86_64-fedora-gcc, r-patched-solaris-x86, r-release-osx-x86_64, r-oldrel-osx-x86_64