CRAN Package Check Results for Package mafs

Last updated on 2019-09-17 01:50:13 CEST.

Flavor Version Tinstall Tcheck Ttotal Status Flags
r-devel-linux-x86_64-debian-clang 0.0.3 5.39 52.25 57.64 OK
r-devel-linux-x86_64-debian-gcc 0.0.3 OK
r-devel-linux-x86_64-fedora-clang 0.0.3 70.70 NOTE
r-devel-linux-x86_64-fedora-gcc 0.0.3 69.15 NOTE
r-devel-windows-ix86+x86_64 0.0.3 28.00 98.00 126.00 OK
r-patched-linux-x86_64 0.0.3 5.80 50.64 56.44 OK
r-patched-solaris-x86 0.0.3 106.70 NOTE
r-release-linux-x86_64 0.0.3 5.60 51.44 57.04 OK
r-release-windows-ix86+x86_64 0.0.3 10.00 67.00 77.00 OK
r-release-osx-x86_64 0.0.3 NOTE
r-oldrel-windows-ix86+x86_64 0.0.3 20.00 103.00 123.00 OK
r-oldrel-osx-x86_64 0.0.3 NOTE

Check Details

Version: 0.0.3
Check: dependencies in R code
Result: NOTE
    Namespaces in Imports field not imported from:
     ‘Rcpp’ ‘cmprsk’ ‘colorspace’ ‘etm’ ‘fracdiff’ ‘gtable’ ‘munsell’
     ‘numDeriv’ ‘plyr’ ‘quadprog’ ‘scales’ ‘timeDate’ ‘tseries’ ‘zoo’
     All declared Imports should be used.
Flavors: r-devel-linux-x86_64-fedora-clang, r-devel-linux-x86_64-fedora-gcc, r-patched-solaris-x86, r-release-osx-x86_64, r-oldrel-osx-x86_64