CRAN Package Check Results for Package lpSolve

Last updated on 2019-07-16 01:50:26 CEST.

Flavor Version Tinstall Tcheck Ttotal Status Flags
r-devel-linux-x86_64-debian-clang 5.6.13.1 31.21 19.11 50.32 OK
r-devel-linux-x86_64-debian-gcc 5.6.13.1 20.10 15.70 35.80 OK
r-devel-linux-x86_64-fedora-clang 5.6.13.1 65.78 OK
r-devel-linux-x86_64-fedora-gcc 5.6.13.1 62.49 WARN
r-devel-windows-ix86+x86_64 5.6.13.1 121.00 39.00 160.00 OK
r-patched-linux-x86_64 5.6.13.1 25.73 19.15 44.88 OK
r-patched-solaris-x86 5.6.13.1 100.30 OK
r-release-linux-x86_64 5.6.13.1 26.39 18.91 45.30 OK
r-release-windows-ix86+x86_64 5.6.13.1 122.00 49.00 171.00 OK
r-release-osx-x86_64 5.6.13.1 OK
r-oldrel-windows-ix86+x86_64 5.6.13.1 123.00 37.00 160.00 OK
r-oldrel-osx-x86_64 5.6.13.1 OK

Check Details

Version: 5.6.13.1
Check: whether package can be installed
Result: WARN
    Found the following significant warnings:
     lp_MPS.c:1133:3: warning: ‘strncpy’ output may be truncated copying 12 bytes from a string of length 79 [-Wstringop-truncation]
Flavor: r-devel-linux-x86_64-fedora-gcc