CRAN Package Check Results for Package lpSolve

Last updated on 2019-10-21 02:46:34 CEST.

Flavor Version Tinstall Tcheck Ttotal Status Flags
r-devel-linux-x86_64-debian-clang 5.6.13.3 33.41 18.13 51.54 OK
r-devel-linux-x86_64-debian-gcc 5.6.13.3 22.86 14.77 37.63 WARN
r-devel-linux-x86_64-fedora-clang 5.6.13.3 66.63 OK
r-devel-linux-x86_64-fedora-gcc 5.6.13.3 62.56 WARN
r-devel-windows-ix86+x86_64 5.6.13.3 191.00 36.00 227.00 WARN
r-patched-linux-x86_64 5.6.13.3 25.81 17.77 43.58 OK
r-patched-solaris-x86 5.6.13.3 89.70 OK
r-release-linux-x86_64 5.6.13.3 26.10 17.65 43.75 OK
r-release-windows-ix86+x86_64 5.6.13.3 110.00 37.00 147.00 OK
r-release-osx-x86_64 5.6.13.3 OK
r-oldrel-windows-ix86+x86_64 5.6.13.3 172.00 47.00 219.00 OK
r-oldrel-osx-x86_64 5.6.13.3 OK

Check Details

Version: 5.6.13.3
Check: whether package can be installed
Result: WARN
    Found the following significant warnings:
     lpkit.h:32:99: warning: right-hand operand of comma expression has no effect [-Wunused-value]
Flavors: r-devel-linux-x86_64-debian-gcc, r-devel-linux-x86_64-fedora-gcc, r-devel-windows-ix86+x86_64