CRAN Package Check Results for Package lokern

Last updated on 2019-09-20 01:47:47 CEST.

Flavor Version Tinstall Tcheck Ttotal Status Flags
r-devel-linux-x86_64-debian-clang 1.1-8 4.25 24.77 29.02 OK
r-devel-linux-x86_64-debian-gcc 1.1-8 3.40 20.23 23.63 OK
r-devel-linux-x86_64-fedora-clang 1.1-8 36.67 NOTE
r-devel-linux-x86_64-fedora-gcc 1.1-8 36.52 NOTE
r-devel-windows-ix86+x86_64 1.1-8 17.00 49.00 66.00 OK
r-patched-linux-x86_64 1.1-8 3.94 24.44 28.38 OK
r-patched-solaris-x86 1.1-8 49.80 OK --no-tests
r-release-linux-x86_64 1.1-8 3.80 24.92 28.72 OK
r-release-windows-ix86+x86_64 1.1-8 15.00 74.00 89.00 OK
r-release-osx-x86_64 1.1-8 OK
r-oldrel-windows-ix86+x86_64 1.1-8 11.00 91.00 102.00 OK
r-oldrel-osx-x86_64 1.1-8 OK

Additional issues

LTO valgrind

Check Details

Version: 1.1-8
Check: compiled code
Result: NOTE
    File ‘lokern/libs/lokern.so’:
     Found no calls to: ‘R_registerRoutines’, ‘R_useDynamicSymbols’
    
    It is good practice to register native routines and to disable symbol
    search.
    
    See ‘Writing portable packages’ in the ‘Writing R Extensions’ manual.
Flavors: r-devel-linux-x86_64-fedora-clang, r-devel-linux-x86_64-fedora-gcc