CRAN Package Check Results for Package logisticPCA

Last updated on 2019-08-24 01:50:01 CEST.

Flavor Version Tinstall Tcheck Ttotal Status Flags
r-devel-linux-x86_64-debian-clang 0.2 3.56 52.87 56.43 OK
r-devel-linux-x86_64-debian-gcc 0.2 3.13 40.30 43.43 OK
r-devel-linux-x86_64-fedora-clang 0.2 67.20 NOTE
r-devel-linux-x86_64-fedora-gcc 0.2 64.81 NOTE
r-devel-windows-ix86+x86_64 0.2 12.00 74.00 86.00 OK
r-patched-linux-x86_64 0.2 3.29 51.49 54.78 OK
r-patched-solaris-x86 0.2 106.20 OK
r-release-linux-x86_64 0.2 3.62 51.21 54.83 OK
r-release-windows-ix86+x86_64 0.2 18.00 106.00 124.00 OK
r-release-osx-x86_64 0.2 OK
r-oldrel-windows-ix86+x86_64 0.2 14.00 107.00 121.00 OK
r-oldrel-osx-x86_64 0.2 OK

Check Details

Version: 0.2
Check: compiled code
Result: NOTE
    File ‘logisticPCA/libs/logisticPCA.so’:
     Found no calls to: ‘R_registerRoutines’, ‘R_useDynamicSymbols’
    
    It is good practice to register native routines and to disable symbol
    search.
    
    See ‘Writing portable packages’ in the ‘Writing R Extensions’ manual.
Flavors: r-devel-linux-x86_64-fedora-clang, r-devel-linux-x86_64-fedora-gcc