CRAN Package Check Results for Package live

Last updated on 2019-08-17 02:47:39 CEST.

Flavor Version Tinstall Tcheck Ttotal Status Flags
r-devel-linux-x86_64-debian-clang 1.5.10 9.56 103.21 112.77 OK
r-devel-linux-x86_64-debian-gcc 1.5.10 7.94 76.80 84.74 OK
r-devel-linux-x86_64-fedora-clang 1.5.10 130.44 NOTE
r-devel-linux-x86_64-fedora-gcc 1.5.10 125.03 NOTE
r-devel-windows-ix86+x86_64 1.5.10 28.00 170.00 198.00 OK
r-patched-linux-x86_64 1.5.10 9.25 94.60 103.85 OK
r-patched-solaris-x86 1.5.10 200.30 NOTE
r-release-linux-x86_64 1.5.10 9.87 95.14 105.01 OK
r-release-windows-ix86+x86_64 1.5.10 36.00 154.00 190.00 OK
r-release-osx-x86_64 1.5.10 NOTE
r-oldrel-windows-ix86+x86_64 1.5.10 16.00 178.00 194.00 OK
r-oldrel-osx-x86_64 1.5.10 NOTE

Check Details

Version: 1.5.10
Check: dependencies in R code
Result: NOTE
    Namespace in Imports field not imported from: ‘e1071’
     All declared Imports should be used.
Flavors: r-devel-linux-x86_64-fedora-clang, r-devel-linux-x86_64-fedora-gcc, r-patched-solaris-x86, r-release-osx-x86_64, r-oldrel-osx-x86_64