CRAN Package Check Results for Package live

Last updated on 2019-05-22 01:46:34 CEST.

Flavor Version Tinstall Tcheck Ttotal Status Flags
r-devel-linux-x86_64-debian-clang 1.5.10 9.26 102.63 111.89 OK
r-devel-linux-x86_64-debian-gcc 1.5.10 8.88 77.68 86.56 OK
r-devel-linux-x86_64-fedora-clang 1.5.10 131.40 NOTE
r-devel-linux-x86_64-fedora-gcc 1.5.10 125.95 NOTE
r-devel-windows-ix86+x86_64 1.5.10 17.00 164.00 181.00 OK
r-patched-linux-x86_64 1.5.10 9.96 96.72 106.68 OK
r-patched-solaris-x86 1.5.10 213.10 NOTE
r-release-linux-x86_64 1.5.10 10.29 95.97 106.26 OK
r-release-windows-ix86+x86_64 1.5.10 31.00 165.00 196.00 OK
r-release-osx-x86_64 1.5.10 NOTE
r-oldrel-windows-ix86+x86_64 1.5.10 12.00 109.00 121.00 OK
r-oldrel-osx-x86_64 1.5.10 NOTE

Check Details

Version: 1.5.10
Check: dependencies in R code
Result: NOTE
    Namespace in Imports field not imported from: ‘e1071’
     All declared Imports should be used.
Flavors: r-devel-linux-x86_64-fedora-clang, r-devel-linux-x86_64-fedora-gcc, r-patched-solaris-x86, r-release-osx-x86_64, r-oldrel-osx-x86_64