CRAN Package Check Results for Package lidR

Last updated on 2019-05-24 01:47:24 CEST.

Flavor Version Tinstall Tcheck Ttotal Status Flags
r-devel-linux-x86_64-debian-clang 2.0.3 136.42 345.12 481.54 OK
r-devel-linux-x86_64-debian-gcc 2.0.3 106.22 236.85 343.07 OK
r-devel-linux-x86_64-fedora-clang 2.0.3 590.32 NOTE
r-devel-linux-x86_64-fedora-gcc 2.0.3 511.75 NOTE
r-devel-windows-ix86+x86_64 2.0.3 263.00 457.00 720.00 NOTE
r-patched-linux-x86_64 2.0.3 132.01 285.89 417.90 OK
r-patched-solaris-x86 2.0.3 698.60 NOTE
r-release-linux-x86_64 2.0.3 120.41 283.28 403.69 OK
r-release-windows-ix86+x86_64 2.0.3 357.00 560.00 917.00 NOTE
r-release-osx-x86_64 2.0.3 NOTE
r-oldrel-windows-ix86+x86_64 2.0.3 235.00 371.00 606.00 NOTE
r-oldrel-osx-x86_64 2.0.3 NOTE

Check Details

Version: 2.0.3
Check: installed package size
Result: NOTE
     installed size is 8.0Mb
     sub-directories of 1Mb or more:
     libs 5.1Mb
Flavors: r-devel-linux-x86_64-fedora-clang, r-devel-windows-ix86+x86_64, r-release-windows-ix86+x86_64, r-release-osx-x86_64, r-oldrel-windows-ix86+x86_64, r-oldrel-osx-x86_64

Version: 2.0.3
Check: dependencies in R code
Result: NOTE
    Namespace in Imports field not imported from: ‘Rcpp’
     All declared Imports should be used.
Flavors: r-devel-linux-x86_64-fedora-clang, r-devel-linux-x86_64-fedora-gcc, r-patched-solaris-x86, r-release-osx-x86_64, r-oldrel-osx-x86_64

Version: 2.0.3
Check: package dependencies
Result: NOTE
    Package suggested but not available for checking: ‘EBImage’
Flavor: r-release-osx-x86_64