CRAN Package Check Results for Package lidR

Last updated on 2019-08-24 01:50:01 CEST.

Flavor Version Tinstall Tcheck Ttotal Status Flags
r-devel-linux-x86_64-debian-clang 2.1.2 176.09 276.96 453.05 OK
r-devel-linux-x86_64-debian-gcc 2.1.2 130.51 214.67 345.18 OK
r-devel-linux-x86_64-fedora-clang 2.1.2 647.70 WARN
r-devel-linux-x86_64-fedora-gcc 2.1.2 608.64 NOTE
r-devel-windows-ix86+x86_64 2.1.2 354.00 425.00 779.00 NOTE
r-patched-linux-x86_64 2.1.2 151.39 265.22 416.61 OK
r-patched-solaris-x86 2.1.2 681.00 NOTE
r-release-linux-x86_64 2.1.2 154.19 266.63 420.82 OK
r-release-windows-ix86+x86_64 2.1.2 510.00 615.00 1125.00 NOTE
r-release-osx-x86_64 2.1.2 NOTE
r-oldrel-windows-ix86+x86_64 2.1.2 519.00 519.00 1038.00 NOTE
r-oldrel-osx-x86_64 2.1.2 NOTE

Check Details

Version: 2.1.2
Check: whether package can be installed
Result: WARN
    Found the following significant warnings:
     C_Rfast.cpp:56:49: warning: 'bind2nd<std::__1::less<double>, double>' is deprecated [-Wdeprecated-declarations]
     C_Rfast.cpp:62:49: warning: 'bind2nd<std::__1::greater<double>, double>' is deprecated [-Wdeprecated-declarations]
Flavor: r-devel-linux-x86_64-fedora-clang

Version: 2.1.2
Check: installed package size
Result: NOTE
     installed size is 10.2Mb
     sub-directories of 1Mb or more:
     libs 7.2Mb
Flavors: r-devel-linux-x86_64-fedora-clang, r-devel-windows-ix86+x86_64, r-release-windows-ix86+x86_64, r-release-osx-x86_64, r-oldrel-windows-ix86+x86_64, r-oldrel-osx-x86_64

Version: 2.1.2
Check: dependencies in R code
Result: NOTE
    Namespace in Imports field not imported from: ‘Rcpp’
     All declared Imports should be used.
Flavors: r-devel-linux-x86_64-fedora-clang, r-devel-linux-x86_64-fedora-gcc, r-patched-solaris-x86

Version: 2.1.2
Check: package dependencies
Result: NOTE
    Package suggested but not available for checking: ‘EBImage’
Flavor: r-release-osx-x86_64

Version: 2.1.2
Check: dependencies in R code
Result: NOTE
    No protocol specified
    Namespace in Imports field not imported from: ‘Rcpp’
     All declared Imports should be used.
Flavors: r-release-osx-x86_64, r-oldrel-osx-x86_64