Last updated on 2019-12-11 00:49:23 CET.
Flavor | Version | Tinstall | Tcheck | Ttotal | Status | Flags |
---|---|---|---|---|---|---|
r-devel-linux-x86_64-debian-clang | 0.0.1 | 20.25 | 23.24 | 43.49 | OK | |
r-devel-linux-x86_64-debian-gcc | 0.0.5 | 3.73 | 30.39 | 34.12 | OK | |
r-devel-linux-x86_64-fedora-clang | 0.0.5 | 57.15 | OK | |||
r-devel-linux-x86_64-fedora-gcc | 0.0.5 | 53.49 | OK | |||
r-devel-windows-ix86+x86_64 | 0.0.5 | 17.00 | 53.00 | 70.00 | OK | |
r-devel-windows-ix86+x86_64-gcc8 | 0.0.1 | 52.00 | 67.00 | 119.00 | OK | |
r-patched-linux-x86_64 | 0.0.1 | 16.74 | 21.00 | 37.74 | OK | |
r-patched-solaris-x86 | 0.0.5 | 80.90 | OK | |||
r-release-linux-x86_64 | 0.0.5 | 4.20 | 35.80 | 40.00 | OK | |
r-release-windows-ix86+x86_64 | 0.0.1 | 35.00 | 58.00 | 93.00 | OK | |
r-release-osx-x86_64 | 0.0.1 | NOTE | ||||
r-oldrel-windows-ix86+x86_64 | 0.0.1 | 33.00 | 47.00 | 80.00 | OK | |
r-oldrel-osx-x86_64 | 0.0.1 | NOTE |
Version: 0.0.1
Check: dependencies in R code
Result: NOTE
Namespace in Imports field not imported from: ‘Rcpp’
All declared Imports should be used.
Flavors: r-release-osx-x86_64, r-oldrel-osx-x86_64