CRAN Package Check Results for Package leafpop

Last updated on 2019-08-20 01:48:10 CEST.

Flavor Version Tinstall Tcheck Ttotal Status Flags
r-devel-linux-x86_64-debian-clang 0.0.1 14.34 21.58 35.92 OK
r-devel-linux-x86_64-debian-gcc 0.0.1 15.42 17.59 33.01 OK
r-devel-linux-x86_64-fedora-clang 0.0.1 56.21 NOTE
r-devel-linux-x86_64-fedora-gcc 0.0.1 53.38 NOTE
r-devel-windows-ix86+x86_64 0.0.1 44.00 74.00 118.00 OK
r-patched-linux-x86_64 0.0.1 16.18 21.23 37.41 OK
r-patched-solaris-x86 0.0.1 65.50 NOTE
r-release-linux-x86_64 0.0.1 16.53 21.18 37.71 OK
r-release-windows-ix86+x86_64 0.0.1 30.00 47.00 77.00 OK
r-release-osx-x86_64 0.0.1 NOTE
r-oldrel-windows-ix86+x86_64 0.0.1 41.00 66.00 107.00 OK
r-oldrel-osx-x86_64 0.0.1 NOTE

Check Details

Version: 0.0.1
Check: dependencies in R code
Result: NOTE
    Namespace in Imports field not imported from: ‘Rcpp’
     All declared Imports should be used.
Flavors: r-devel-linux-x86_64-fedora-clang, r-devel-linux-x86_64-fedora-gcc, r-patched-solaris-x86, r-release-osx-x86_64, r-oldrel-osx-x86_64