CRAN Package Check Results for Package leafpm

Last updated on 2019-07-23 01:49:55 CEST.

Flavor Version Tinstall Tcheck Ttotal Status Flags
r-devel-linux-x86_64-debian-clang 0.1.0 1.78 19.50 21.28 OK
r-devel-linux-x86_64-debian-gcc 0.1.0 1.50 15.54 17.04 OK
r-devel-linux-x86_64-fedora-clang 0.1.0 24.97 NOTE
r-devel-linux-x86_64-fedora-gcc 0.1.0 23.68 NOTE
r-devel-windows-ix86+x86_64 0.1.0 5.00 44.00 49.00 OK
r-patched-linux-x86_64 0.1.0 1.49 19.09 20.58 OK
r-patched-solaris-x86 0.1.0 40.90 NOTE
r-release-linux-x86_64 0.1.0 1.68 18.33 20.01 OK
r-release-windows-ix86+x86_64 0.1.0 4.00 31.00 35.00 OK
r-release-osx-x86_64 0.1.0 NOTE
r-oldrel-windows-ix86+x86_64 0.1.0 6.00 41.00 47.00 OK
r-oldrel-osx-x86_64 0.1.0 NOTE

Check Details

Version: 0.1.0
Check: dependencies in R code
Result: NOTE
    Namespaces in Imports field not imported from:
     ‘dplyr’ ‘htmlwidgets’ ‘jsonlite’ ‘sf’
     All declared Imports should be used.
Flavors: r-devel-linux-x86_64-fedora-clang, r-devel-linux-x86_64-fedora-gcc, r-patched-solaris-x86, r-release-osx-x86_64, r-oldrel-osx-x86_64