CRAN Package Check Results for Package lba

Last updated on 2020-01-27 00:48:06 CET.

Flavor Version Tinstall Tcheck Ttotal Status Flags
r-devel-linux-x86_64-debian-clang 2.4.4 11.92 73.76 85.68 NOTE
r-devel-linux-x86_64-debian-gcc 2.4.4 11.88 55.84 67.72 NOTE
r-devel-linux-x86_64-fedora-clang 2.4.4 101.75 NOTE
r-devel-linux-x86_64-fedora-gcc 2.4.4 101.55 NOTE
r-devel-windows-ix86+x86_64 2.4.4 40.00 132.00 172.00 NOTE
r-devel-windows-ix86+x86_64-gcc8 2.4.4 43.00 119.00 162.00 NOTE
r-patched-linux-x86_64 2.4.4 12.27 65.14 77.41 NOTE
r-patched-solaris-x86 2.4.4 124.50 NOTE
r-release-linux-x86_64 2.4.4 12.66 67.24 79.90 NOTE
r-release-windows-ix86+x86_64 2.4.4 19.00 82.00 101.00 NOTE
r-release-osx-x86_64 2.4.4 WARN
r-oldrel-windows-ix86+x86_64 2.4.4 13.00 68.00 81.00 NOTE
r-oldrel-osx-x86_64 2.4.4 OK

Check Details

Version: 2.4.4
Check: R code for possible problems
Result: NOTE
    plotcorr.lba.3d: warning in pch3d(colcoordi[, dim], pch = pch.budget,
     col = col.budget, ...): partial argument match of 'col' to 'color'
Flavors: r-devel-linux-x86_64-debian-clang, r-devel-linux-x86_64-debian-gcc, r-devel-linux-x86_64-fedora-clang, r-devel-linux-x86_64-fedora-gcc, r-devel-windows-ix86+x86_64, r-devel-windows-ix86+x86_64-gcc8, r-patched-linux-x86_64, r-patched-solaris-x86, r-release-linux-x86_64, r-release-windows-ix86+x86_64, r-release-osx-x86_64, r-oldrel-windows-ix86+x86_64

Version: 2.4.4
Check: whether package can be installed
Result: WARN
    Found the following significant warnings:
     Warning: 'rgl_init' failed, running with rgl.useNULL = TRUE
Flavor: r-release-osx-x86_64