CRAN Package Check Results for Package lazyeval

Last updated on 2019-09-15 01:46:57 CEST.

Flavor Version Tinstall Tcheck Ttotal Status Flags
r-devel-linux-x86_64-debian-clang 0.2.2 3.13 28.00 31.13 OK
r-devel-linux-x86_64-debian-gcc 0.2.2 2.43 22.66 25.09 OK
r-devel-linux-x86_64-fedora-clang 0.2.2 38.64 OK
r-devel-linux-x86_64-fedora-gcc 0.2.2 37.69 OK
r-devel-windows-ix86+x86_64 0.2.2 28.00 47.00 75.00 OK
r-patched-linux-x86_64 0.2.2 2.85 28.44 31.29 OK
r-patched-solaris-x86 0.2.2 53.10 OK
r-release-linux-x86_64 0.2.2 2.74 27.74 30.48 OK
r-release-windows-ix86+x86_64 0.2.2 14.00 75.00 89.00 OK
r-release-osx-x86_64 0.2.2 ERROR
r-oldrel-windows-ix86+x86_64 0.2.2 23.00 45.00 68.00 OK
r-oldrel-osx-x86_64 0.2.2 OK

Check Details

Version: 0.2.2
Check: tests
Result: ERROR
     Running ‘testthat.R’ [0s/1s]
    Running the tests in ‘tests/testthat.R’ failed.
    Complete output:
     > library(testthat)
     Error: package or namespace load failed for 'testthat' in loadNamespace(i, c(lib.loc, .libPaths()), versionCheck = vI[[i]]):
     there is no package called 'rlang'
     Execution halted
Flavor: r-release-osx-x86_64