CRAN Package Check Results for Package landscapemetrics

Last updated on 2019-07-19 01:47:18 CEST.

Flavor Version Tinstall Tcheck Ttotal Status Flags
r-devel-linux-x86_64-debian-clang 1.2 107.84 296.33 404.17 OK
r-devel-linux-x86_64-debian-gcc 1.2 89.41 232.44 321.85 OK
r-devel-linux-x86_64-fedora-clang 1.2 507.08 NOTE
r-devel-linux-x86_64-fedora-gcc 1.2 494.29 OK
r-devel-windows-ix86+x86_64 1.2 303.00 625.00 928.00 OK
r-patched-linux-x86_64 1.2 104.48 288.42 392.90 OK
r-patched-solaris-x86 1.2 618.40 OK
r-release-linux-x86_64 1.2 99.27 291.54 390.81 OK
r-release-windows-ix86+x86_64 1.2 225.00 463.00 688.00 OK
r-release-osx-x86_64 1.2 NOTE
r-oldrel-windows-ix86+x86_64 1.2 212.00 570.00 782.00 OK
r-oldrel-osx-x86_64 1.2 OK

Check Details

Version: 1.2
Check: installed package size
Result: NOTE
     installed size is 5.1Mb
     sub-directories of 1Mb or more:
     libs 2.8Mb
Flavors: r-devel-linux-x86_64-fedora-clang, r-release-osx-x86_64