CRAN Package Check Results for Package landscapemetrics

Last updated on 2019-05-20 01:46:38 CEST.

Flavor Version Tinstall Tcheck Ttotal Status Flags
r-devel-linux-x86_64-debian-clang 1.1 110.28 287.06 397.34 OK
r-devel-linux-x86_64-debian-gcc 1.1 89.84 227.32 317.16 OK
r-devel-linux-x86_64-fedora-clang 1.1 502.43 NOTE
r-devel-linux-x86_64-fedora-gcc 1.1 499.13 NOTE
r-devel-windows-ix86+x86_64 1.1 389.00 596.00 985.00 OK
r-patched-linux-x86_64 1.1 98.53 280.58 379.11 OK
r-patched-solaris-x86 1.1 602.10 NOTE
r-release-linux-x86_64 1.1 104.74 281.03 385.77 OK
r-release-windows-ix86+x86_64 1.1 322.00 605.00 927.00 OK
r-release-osx-x86_64 1.1 NOTE
r-oldrel-windows-ix86+x86_64 1.1 295.00 553.00 848.00 OK
r-oldrel-osx-x86_64 1.1 NOTE

Check Details

Version: 1.1
Check: installed package size
Result: NOTE
     installed size is 5.3Mb
     sub-directories of 1Mb or more:
     libs 2.9Mb
Flavors: r-devel-linux-x86_64-fedora-clang, r-release-osx-x86_64

Version: 1.1
Check: dependencies in R code
Result: NOTE
    Namespace in Imports field not imported from: ‘crayon’
     All declared Imports should be used.
Flavors: r-devel-linux-x86_64-fedora-clang, r-devel-linux-x86_64-fedora-gcc, r-patched-solaris-x86, r-release-osx-x86_64, r-oldrel-osx-x86_64