CRAN Package Check Results for Package kyotil

Last updated on 2019-09-15 01:46:57 CEST.

Flavor Version Tinstall Tcheck Ttotal Status Flags
r-devel-linux-x86_64-debian-clang 2018.10-17 11.83 53.44 65.27 NOTE
r-devel-linux-x86_64-debian-gcc 2018.10-17 8.66 41.93 50.59 NOTE
r-devel-linux-x86_64-fedora-clang 2018.10-17 77.18 NOTE
r-devel-linux-x86_64-fedora-gcc 2018.10-17 76.63 NOTE
r-devel-windows-ix86+x86_64 2018.10-17 33.00 106.00 139.00 NOTE
r-patched-linux-x86_64 2018.10-17 10.02 54.37 64.39 OK
r-patched-solaris-x86 2018.10-17 101.10 OK
r-release-linux-x86_64 2018.10-17 10.71 53.44 64.15 OK
r-release-windows-ix86+x86_64 2018.10-17 19.00 80.00 99.00 OK
r-release-osx-x86_64 2018.10-17 OK
r-oldrel-windows-ix86+x86_64 2018.10-17 26.00 75.00 101.00 OK
r-oldrel-osx-x86_64 2018.10-17 OK

Check Details

Version: 2018.10-17
Check: use of PKG_*FLAGS in Makefiles
Result: NOTE
     PKG_CXXFLAGS set in 'src/Makevars.win' without any corresponding files
Flavors: r-devel-linux-x86_64-debian-clang, r-devel-linux-x86_64-debian-gcc, r-devel-linux-x86_64-fedora-clang, r-devel-linux-x86_64-fedora-gcc, r-devel-windows-ix86+x86_64

Version: 2018.10-17
Check: for non-standard things in the check directory
Result: NOTE
    Found the following files/directories:
     'tmp.pdf' 'tmp.png'
Flavors: r-devel-linux-x86_64-debian-clang, r-devel-linux-x86_64-debian-gcc, r-devel-linux-x86_64-fedora-clang, r-devel-linux-x86_64-fedora-gcc