CRAN Package Check Results for Package kyotil

Last updated on 2019-06-26 01:54:22 CEST.

Flavor Version Tinstall Tcheck Ttotal Status Flags
r-devel-linux-x86_64-debian-clang 2018.10-17 12.46 54.67 67.13 NOTE
r-devel-linux-x86_64-debian-gcc 2018.10-17 8.80 41.58 50.38 NOTE
r-devel-linux-x86_64-fedora-clang 2018.10-17 75.66 NOTE
r-devel-linux-x86_64-fedora-gcc 2018.10-17 73.70 NOTE
r-devel-windows-ix86+x86_64 2018.10-17 28.00 82.00 110.00 NOTE
r-patched-linux-x86_64 2018.10-17 9.99 53.92 63.91 OK
r-patched-solaris-x86 2018.10-17 105.00 OK
r-release-linux-x86_64 2018.10-17 9.92 54.49 64.41 OK
r-release-windows-ix86+x86_64 2018.10-17 37.00 93.00 130.00 OK
r-release-osx-x86_64 2018.10-17 OK
r-oldrel-windows-ix86+x86_64 2018.10-17 22.00 69.00 91.00 OK
r-oldrel-osx-x86_64 2018.10-17 OK

Check Details

Version: 2018.10-17
Check: use of PKG_*FLAGS in Makefiles
Result: NOTE
     PKG_CXXFLAGS set in 'src/Makevars.win' without any corresponding files
Flavors: r-devel-linux-x86_64-debian-clang, r-devel-linux-x86_64-debian-gcc, r-devel-linux-x86_64-fedora-clang, r-devel-linux-x86_64-fedora-gcc, r-devel-windows-ix86+x86_64

Version: 2018.10-17
Check: for non-standard things in the check directory
Result: NOTE
    Found the following files/directories:
     'tmp.pdf' 'tmp.png'
Flavors: r-devel-linux-x86_64-debian-clang, r-devel-linux-x86_64-debian-gcc, r-devel-linux-x86_64-fedora-clang, r-devel-linux-x86_64-fedora-gcc