CRAN Package Check Results for Package krm

Last updated on 2019-08-23 01:47:28 CEST.

Flavor Version Tinstall Tcheck Ttotal Status Flags
r-devel-linux-x86_64-debian-clang 2018.8-17 11.38 35.86 47.24 WARN
r-devel-linux-x86_64-debian-gcc 2018.8-17 7.64 28.30 35.94 OK
r-devel-linux-x86_64-fedora-clang 2018.8-17 66.27 OK
r-devel-linux-x86_64-fedora-gcc 2018.8-17 56.20 OK
r-devel-windows-ix86+x86_64 2018.8-17 44.00 104.00 148.00 OK
r-patched-linux-x86_64 2018.8-17 9.25 35.61 44.86 OK
r-patched-solaris-x86 2018.8-17 90.80 OK
r-release-linux-x86_64 2018.8-17 9.23 35.58 44.81 OK
r-release-windows-ix86+x86_64 2018.8-17 41.00 99.00 140.00 OK
r-release-osx-x86_64 2018.8-17 OK
r-oldrel-windows-ix86+x86_64 2018.8-17 33.00 96.00 129.00 OK
r-oldrel-osx-x86_64 2018.8-17 OK

Check Details

Version: 2018.8-17
Check: whether package can be installed
Result: WARN
    Found the following significant warnings:
     ./U.h:248:3: warning: ignoring return value of function declared with 'warn_unused_result' attribute [-Wunused-result]
     ./U.h:253:3: warning: ignoring return value of function declared with 'warn_unused_result' attribute [-Wunused-result]
Flavor: r-devel-linux-x86_64-debian-clang