CRAN Package Check Results for Package krm

Last updated on 2019-12-11 00:49:22 CET.

Flavor Version Tinstall Tcheck Ttotal Status Flags
r-devel-linux-x86_64-debian-clang 2018.8-17 13.10 36.69 49.79 WARN
r-devel-linux-x86_64-debian-gcc 2018.8-17 8.14 28.61 36.75 OK
r-devel-linux-x86_64-fedora-clang 2019.12-11 72.48 OK
r-devel-linux-x86_64-fedora-gcc 2019.12-11 58.93 OK
r-devel-windows-ix86+x86_64 2018.8-17 29.00 100.00 129.00 OK
r-devel-windows-ix86+x86_64-gcc8 2018.8-17 32.00 88.00 120.00 OK
r-patched-linux-x86_64 2018.8-17 9.49 34.35 43.84 OK
r-patched-solaris-x86 2019.12-11 86.40 OK
r-release-linux-x86_64 2018.8-17 8.88 34.47 43.35 OK
r-release-windows-ix86+x86_64 2018.8-17 24.00 79.00 103.00 OK
r-release-osx-x86_64 2018.8-17 OK
r-oldrel-windows-ix86+x86_64 2018.8-17 20.00 68.00 88.00 OK
r-oldrel-osx-x86_64 2018.8-17 OK

Additional issues

MKL

Check Details

Version: 2018.8-17
Check: whether package can be installed
Result: WARN
    Found the following significant warnings:
     ./U.h:248:3: warning: ignoring return value of function declared with 'warn_unused_result' attribute [-Wunused-result]
     ./U.h:253:3: warning: ignoring return value of function declared with 'warn_unused_result' attribute [-Wunused-result]
Flavor: r-devel-linux-x86_64-debian-clang