CRAN Package Check Results for Package kmlShape

Last updated on 2019-06-19 01:47:06 CEST.

Flavor Version Tinstall Tcheck Ttotal Status Flags
r-devel-linux-x86_64-debian-clang 0.9.5 8.06 49.90 57.96 OK
r-devel-linux-x86_64-debian-gcc 0.9.5 5.89 39.96 45.85 OK
r-devel-linux-x86_64-fedora-clang 0.9.5 69.27 NOTE
r-devel-linux-x86_64-fedora-gcc 0.9.5 66.85 NOTE
r-devel-windows-ix86+x86_64 0.9.5 31.00 140.00 171.00 OK
r-patched-linux-x86_64 0.9.5 7.18 50.76 57.94 OK
r-patched-solaris-x86 0.9.5 108.60 OK
r-release-linux-x86_64 0.9.5 6.93 50.05 56.98 OK
r-release-windows-ix86+x86_64 0.9.5 41.00 122.00 163.00 OK
r-release-osx-x86_64 0.9.5 WARN
r-oldrel-windows-ix86+x86_64 0.9.5 14.00 128.00 142.00 OK
r-oldrel-osx-x86_64 0.9.5 OK

Check Details

Version: 0.9.5
Check: compiled code
Result: NOTE
    File ‘kmlShape/libs/kmlShape.so’:
     Found no calls to: ‘R_registerRoutines’, ‘R_useDynamicSymbols’
    
    It is good practice to register native routines and to disable symbol
    search.
    
    See ‘Writing portable packages’ in the ‘Writing R Extensions’ manual.
Flavors: r-devel-linux-x86_64-fedora-clang, r-devel-linux-x86_64-fedora-gcc

Version: 0.9.5
Check: whether package can be installed
Result: WARN
    Found the following significant warnings:
     Warning: 'rgl_init' failed, running with rgl.useNULL = TRUE
Flavor: r-release-osx-x86_64