CRAN Package Check Results for Package kmlShape

Last updated on 2019-09-17 01:50:12 CEST.

Flavor Version Tinstall Tcheck Ttotal Status Flags
r-devel-linux-x86_64-debian-clang 0.9.5 7.62 48.72 56.34 OK
r-devel-linux-x86_64-debian-gcc 0.9.5 OK
r-devel-linux-x86_64-fedora-clang 0.9.5 68.51 NOTE
r-devel-linux-x86_64-fedora-gcc 0.9.5 67.50 NOTE
r-devel-windows-ix86+x86_64 0.9.5 40.00 90.00 130.00 OK
r-patched-linux-x86_64 0.9.5 7.66 48.98 56.64 OK
r-patched-solaris-x86 0.9.5 107.00 OK
r-release-linux-x86_64 0.9.5 7.53 49.34 56.87 OK
r-release-windows-ix86+x86_64 0.9.5 24.00 172.00 196.00 OK
r-release-osx-x86_64 0.9.5 WARN
r-oldrel-windows-ix86+x86_64 0.9.5 19.00 91.00 110.00 OK
r-oldrel-osx-x86_64 0.9.5 OK

Check Details

Version: 0.9.5
Check: compiled code
Result: NOTE
    File ‘kmlShape/libs/kmlShape.so’:
     Found no calls to: ‘R_registerRoutines’, ‘R_useDynamicSymbols’
    
    It is good practice to register native routines and to disable symbol
    search.
    
    See ‘Writing portable packages’ in the ‘Writing R Extensions’ manual.
Flavors: r-devel-linux-x86_64-fedora-clang, r-devel-linux-x86_64-fedora-gcc

Version: 0.9.5
Check: whether package can be installed
Result: WARN
    Found the following significant warnings:
     Warning: 'rgl_init' failed, running with rgl.useNULL = TRUE
Flavor: r-release-osx-x86_64