CRAN Package Check Results for Package kmcudaR

Last updated on 2019-07-15 01:46:44 CEST.

Flavor Version Tinstall Tcheck Ttotal Status Flags
r-devel-linux-x86_64-debian-clang 1.1.0 1.86 21.77 23.63 OK --no-examples --no-tests --no-vignettes
r-devel-linux-x86_64-debian-gcc 1.1.0 1.61 17.81 19.42 OK --no-examples --no-tests --no-vignettes
r-patched-linux-x86_64 1.1.0 1.88 21.98 23.86 OK --no-examples --no-tests --no-vignettes
r-release-linux-x86_64 1.1.0 1.93 22.06 23.99 OK --no-examples --no-tests --no-vignettes
r-release-osx-x86_64 1.1.0 ERROR
r-oldrel-osx-x86_64 1.1.0 ERROR

Check Details

Version: 1.1.0
Check: whether package can be installed
Result: ERROR
    Installation failed.
Flavors: r-release-osx-x86_64, r-oldrel-osx-x86_64