CRAN Package Check Results for Package kmcudaR

Last updated on 2019-10-21 02:46:33 CEST.

Flavor Version Tinstall Tcheck Ttotal Status Flags
r-devel-linux-x86_64-debian-clang 1.1.0 1.75 21.88 23.63 OK --no-examples --no-tests --no-vignettes
r-devel-linux-x86_64-debian-gcc 1.1.0 1.75 17.67 19.42 OK --no-examples --no-tests --no-vignettes
r-patched-linux-x86_64 1.1.0 1.93 21.62 23.55 OK --no-examples --no-tests --no-vignettes
r-release-linux-x86_64 1.1.0 1.76 21.51 23.27 OK --no-examples --no-tests --no-vignettes
r-release-osx-x86_64 1.1.0 ERROR
r-oldrel-osx-x86_64 1.1.0 ERROR

Check Details

Version: 1.1.0
Check: whether package can be installed
Result: ERROR
    Installation failed.
Flavors: r-release-osx-x86_64, r-oldrel-osx-x86_64