CRAN Package Check Results for Package jpmesh

Last updated on 2019-10-21 02:46:33 CEST.

Flavor Version Tinstall Tcheck Ttotal Status Flags
r-devel-linux-x86_64-debian-clang 1.1.3 21.70 180.86 202.56 OK
r-devel-linux-x86_64-debian-gcc 1.1.3 22.74 134.53 157.27 OK
r-devel-linux-x86_64-fedora-clang 1.1.3 233.26 NOTE
r-devel-linux-x86_64-fedora-gcc 1.1.3 229.75 NOTE
r-devel-windows-ix86+x86_64 1.1.3 44.00 203.00 247.00 OK
r-patched-linux-x86_64 1.1.3 24.38 168.32 192.70 OK
r-patched-solaris-x86 1.1.3 351.30 NOTE
r-release-linux-x86_64 1.1.3 24.24 169.57 193.81 OK
r-release-windows-ix86+x86_64 1.1.3 53.00 251.00 304.00 OK
r-release-osx-x86_64 1.1.3 NOTE
r-oldrel-windows-ix86+x86_64 1.1.3 29.00 174.00 203.00 OK
r-oldrel-osx-x86_64 1.1.3 NOTE

Check Details

Version: 1.1.3
Check: data for non-ASCII characters
Result: NOTE
     Note: found 176 marked UTF-8 strings
Flavors: r-devel-linux-x86_64-fedora-clang, r-devel-linux-x86_64-fedora-gcc, r-patched-solaris-x86, r-release-osx-x86_64, r-oldrel-osx-x86_64