CRAN Package Check Results for Package jpmesh

Last updated on 2019-07-16 01:50:24 CEST.

Flavor Version Tinstall Tcheck Ttotal Status Flags
r-devel-linux-x86_64-debian-clang 1.1.3 23.34 155.33 178.67 OK
r-devel-linux-x86_64-debian-gcc 1.1.3 22.32 122.32 144.64 OK
r-devel-linux-x86_64-fedora-clang 1.1.3 211.32 NOTE
r-devel-linux-x86_64-fedora-gcc 1.1.3 209.26 NOTE
r-devel-windows-ix86+x86_64 1.1.3 52.00 245.00 297.00 OK
r-patched-linux-x86_64 1.1.3 24.08 152.86 176.94 OK
r-patched-solaris-x86 1.1.3 341.70 NOTE
r-release-linux-x86_64 1.1.3 23.65 151.52 175.17 OK
r-release-windows-ix86+x86_64 1.1.3 42.00 235.00 277.00 OK
r-release-osx-x86_64 1.1.3 NOTE
r-oldrel-windows-ix86+x86_64 1.1.3 39.00 236.00 275.00 OK
r-oldrel-osx-x86_64 1.1.3 NOTE

Check Details

Version: 1.1.3
Check: data for non-ASCII characters
Result: NOTE
     Note: found 176 marked UTF-8 strings
Flavors: r-devel-linux-x86_64-fedora-clang, r-devel-linux-x86_64-fedora-gcc, r-patched-solaris-x86, r-release-osx-x86_64, r-oldrel-osx-x86_64