CRAN Package Check Results for Package ivfixed

Last updated on 2019-09-17 01:50:12 CEST.

Flavor Version Tinstall Tcheck Ttotal Status Flags
r-devel-linux-x86_64-debian-clang 1.0 1.63 16.54 18.17 NOTE
r-devel-linux-x86_64-debian-gcc 1.0 NOTE
r-devel-linux-x86_64-fedora-clang 1.0 22.85 NOTE
r-devel-linux-x86_64-fedora-gcc 1.0 22.59 NOTE
r-devel-windows-ix86+x86_64 1.0 10.00 38.00 48.00 NOTE
r-patched-linux-x86_64 1.0 1.29 16.45 17.74 NOTE
r-patched-solaris-x86 1.0 34.80 NOTE
r-release-linux-x86_64 1.0 1.53 17.19 18.72 NOTE
r-release-windows-ix86+x86_64 1.0 4.00 42.00 46.00 NOTE
r-release-osx-x86_64 1.0 NOTE
r-oldrel-windows-ix86+x86_64 1.0 2.00 27.00 29.00 NOTE
r-oldrel-osx-x86_64 1.0 NOTE

Check Details

Version: 1.0
Check: DESCRIPTION meta-information
Result: NOTE
    Malformed Description field: should contain one or more complete sentences.
Flavors: r-devel-linux-x86_64-debian-clang, r-devel-linux-x86_64-debian-gcc, r-devel-linux-x86_64-fedora-clang, r-devel-linux-x86_64-fedora-gcc, r-devel-windows-ix86+x86_64, r-patched-linux-x86_64, r-patched-solaris-x86, r-release-linux-x86_64, r-release-windows-ix86+x86_64, r-release-osx-x86_64, r-oldrel-windows-ix86+x86_64, r-oldrel-osx-x86_64

Version: 1.0
Check: R code for possible problems
Result: NOTE
    ivFixed.formula: no visible global function definition for
     'model.matrix'
    ivFixed.formula: no visible global function definition for
     'model.response'
    summary.ivFixed: no visible global function definition for 'coef'
    summary.ivFixed: no visible global function definition for 'pt'
    Undefined global functions or variables:
     coef model.matrix model.response pt
    Consider adding
     importFrom("stats", "coef", "model.matrix", "model.response", "pt")
    to your NAMESPACE file.
Flavors: r-devel-linux-x86_64-debian-clang, r-devel-linux-x86_64-debian-gcc, r-devel-linux-x86_64-fedora-clang, r-devel-linux-x86_64-fedora-gcc, r-devel-windows-ix86+x86_64, r-patched-linux-x86_64, r-patched-solaris-x86, r-release-linux-x86_64, r-release-windows-ix86+x86_64, r-release-osx-x86_64, r-oldrel-windows-ix86+x86_64, r-oldrel-osx-x86_64