CRAN Package Check Results for Package ivfixed

Last updated on 2019-06-19 01:47:06 CEST.

Flavor Version Tinstall Tcheck Ttotal Status Flags
r-devel-linux-x86_64-debian-clang 1.0 1.50 16.82 18.32 NOTE
r-devel-linux-x86_64-debian-gcc 1.0 1.15 13.71 14.86 NOTE
r-devel-linux-x86_64-fedora-clang 1.0 22.89 NOTE
r-devel-linux-x86_64-fedora-gcc 1.0 21.59 NOTE
r-devel-windows-ix86+x86_64 1.0 4.00 30.00 34.00 NOTE
r-patched-linux-x86_64 1.0 1.56 16.79 18.35 NOTE
r-patched-solaris-x86 1.0 35.60 NOTE
r-release-linux-x86_64 1.0 1.62 16.87 18.49 NOTE
r-release-windows-ix86+x86_64 1.0 4.00 42.00 46.00 NOTE
r-release-osx-x86_64 1.0 NOTE
r-oldrel-windows-ix86+x86_64 1.0 2.00 27.00 29.00 NOTE
r-oldrel-osx-x86_64 1.0 NOTE

Check Details

Version: 1.0
Check: DESCRIPTION meta-information
Result: NOTE
    Malformed Description field: should contain one or more complete sentences.
Flavors: r-devel-linux-x86_64-debian-clang, r-devel-linux-x86_64-debian-gcc, r-devel-linux-x86_64-fedora-clang, r-devel-linux-x86_64-fedora-gcc, r-devel-windows-ix86+x86_64, r-patched-linux-x86_64, r-patched-solaris-x86, r-release-linux-x86_64, r-release-windows-ix86+x86_64, r-release-osx-x86_64, r-oldrel-windows-ix86+x86_64, r-oldrel-osx-x86_64

Version: 1.0
Check: R code for possible problems
Result: NOTE
    ivFixed.formula: no visible global function definition for
     'model.matrix'
    ivFixed.formula: no visible global function definition for
     'model.response'
    summary.ivFixed: no visible global function definition for 'coef'
    summary.ivFixed: no visible global function definition for 'pt'
    Undefined global functions or variables:
     coef model.matrix model.response pt
    Consider adding
     importFrom("stats", "coef", "model.matrix", "model.response", "pt")
    to your NAMESPACE file.
Flavors: r-devel-linux-x86_64-debian-clang, r-devel-linux-x86_64-debian-gcc, r-devel-linux-x86_64-fedora-clang, r-devel-linux-x86_64-fedora-gcc, r-devel-windows-ix86+x86_64, r-patched-linux-x86_64, r-patched-solaris-x86, r-release-linux-x86_64, r-release-windows-ix86+x86_64, r-release-osx-x86_64, r-oldrel-windows-ix86+x86_64, r-oldrel-osx-x86_64