CRAN Package Check Results for Package isdparser

Last updated on 2019-05-22 01:46:33 CEST.

Flavor Version Tinstall Tcheck Ttotal Status Flags
r-devel-linux-x86_64-debian-clang 0.3.0 2.20 69.97 72.17 OK
r-devel-linux-x86_64-debian-gcc 0.3.0 2.19 49.90 52.09 OK
r-devel-linux-x86_64-fedora-clang 0.3.0 83.66 NOTE
r-devel-linux-x86_64-fedora-gcc 0.3.0 78.38 NOTE
r-devel-windows-ix86+x86_64 0.3.0 5.00 106.00 111.00 OK
r-patched-linux-x86_64 0.3.0 2.03 66.05 68.08 OK
r-patched-solaris-x86 0.3.0 115.50 NOTE
r-release-linux-x86_64 0.3.0 2.81 66.39 69.20 OK
r-release-windows-ix86+x86_64 0.3.0 8.00 97.00 105.00 OK
r-release-osx-x86_64 0.3.0 NOTE
r-oldrel-windows-ix86+x86_64 0.3.0 3.00 74.00 77.00 OK
r-oldrel-osx-x86_64 0.3.0 NOTE

Check Details

Version: 0.3.0
Check: data for non-ASCII characters
Result: NOTE
     Note: found 104 marked UTF-8 strings
Flavors: r-devel-linux-x86_64-fedora-clang, r-devel-linux-x86_64-fedora-gcc, r-patched-solaris-x86, r-release-osx-x86_64, r-oldrel-osx-x86_64