CRAN Package Check Results for Package isdparser

Last updated on 2019-08-17 02:47:38 CEST.

Flavor Version Tinstall Tcheck Ttotal Status Flags
r-devel-linux-x86_64-debian-clang 0.3.0 2.74 70.29 73.03 OK
r-devel-linux-x86_64-debian-gcc 0.3.0 2.28 50.27 52.55 OK
r-devel-linux-x86_64-fedora-clang 0.3.0 87.67 NOTE
r-devel-linux-x86_64-fedora-gcc 0.3.0 81.86 NOTE
r-devel-windows-ix86+x86_64 0.3.0 8.00 111.00 119.00 OK
r-patched-linux-x86_64 0.3.0 2.57 66.65 69.22 OK
r-patched-solaris-x86 0.3.0 120.10 NOTE
r-release-linux-x86_64 0.3.0 2.37 66.94 69.31 OK
r-release-windows-ix86+x86_64 0.3.0 8.00 105.00 113.00 OK
r-release-osx-x86_64 0.3.0 NOTE
r-oldrel-windows-ix86+x86_64 0.3.0 5.00 105.00 110.00 OK
r-oldrel-osx-x86_64 0.3.0 NOTE

Check Details

Version: 0.3.0
Check: data for non-ASCII characters
Result: NOTE
     Note: found 104 marked UTF-8 strings
Flavors: r-devel-linux-x86_64-fedora-clang, r-devel-linux-x86_64-fedora-gcc, r-patched-solaris-x86, r-release-osx-x86_64, r-oldrel-osx-x86_64