CRAN Package Check Results for Package influenceR

Last updated on 2019-09-20 01:47:46 CEST.

Flavor Version Tinstall Tcheck Ttotal Status Flags
r-devel-linux-x86_64-debian-clang 0.1.0 4.70 27.25 31.95 OK
r-devel-linux-x86_64-debian-gcc 0.1.0 3.16 20.99 24.15 OK
r-devel-linux-x86_64-fedora-clang 0.1.0 38.52 NOTE
r-devel-linux-x86_64-fedora-gcc 0.1.0 35.83 NOTE
r-devel-windows-ix86+x86_64 0.1.0 18.00 51.00 69.00 OK
r-patched-linux-x86_64 0.1.0 3.34 25.70 29.04 OK
r-patched-solaris-x86 0.1.0 59.30 OK
r-release-linux-x86_64 0.1.0 2.97 25.36 28.33 OK
r-release-windows-ix86+x86_64 0.1.0 13.00 69.00 82.00 OK
r-release-osx-x86_64 0.1.0 OK
r-oldrel-windows-ix86+x86_64 0.1.0 12.00 48.00 60.00 OK
r-oldrel-osx-x86_64 0.1.0 OK

Additional issues

rchk

Check Details

Version: 0.1.0
Check: compiled code
Result: NOTE
    File ‘influenceR/libs/influenceR.so’:
     Found no calls to: ‘R_registerRoutines’, ‘R_useDynamicSymbols’
    
    It is good practice to register native routines and to disable symbol
    search.
    
    See ‘Writing portable packages’ in the ‘Writing R Extensions’ manual.
Flavors: r-devel-linux-x86_64-fedora-clang, r-devel-linux-x86_64-fedora-gcc