CRAN Package Check Results for Package icd

Last updated on 2019-10-21 02:46:32 CEST.

Flavor Version Tinstall Tcheck Ttotal Status Flags
r-devel-linux-x86_64-debian-clang 4.0.6 242.48 154.28 396.76 WARN
r-devel-linux-x86_64-debian-gcc 4.0.6 178.06 119.29 297.35 WARN
r-devel-linux-x86_64-fedora-clang 4.0.6 527.11 WARN
r-devel-linux-x86_64-fedora-gcc 4.0.6 492.23 WARN
r-devel-windows-ix86+x86_64 4.0.6 442.00 309.00 751.00 NOTE
r-patched-linux-x86_64 4.0.6 190.65 145.86 336.51 OK
r-patched-solaris-x86 4.0.6 512.50 NOTE
r-release-linux-x86_64 4.0.6 197.05 147.02 344.07 OK
r-release-windows-ix86+x86_64 4.0.6 590.00 231.00 821.00 NOTE
r-release-osx-x86_64 4.0.6 NOTE
r-oldrel-windows-ix86+x86_64 4.0.6 436.00 213.00 649.00 NOTE
r-oldrel-osx-x86_64 4.0.6 NOTE

Check Details

Version: 4.0.6
Check: whether package can be installed
Result: WARN
    Found the following significant warnings:
     'config' variable 'CPP' is deprecated
Flavors: r-devel-linux-x86_64-debian-clang, r-devel-linux-x86_64-debian-gcc, r-devel-linux-x86_64-fedora-clang, r-devel-linux-x86_64-fedora-gcc

Version: 4.0.6
Check: installed package size
Result: NOTE
     installed size is 12.0Mb
     sub-directories of 1Mb or more:
     R 1.8Mb
     data 1.4Mb
     libs 7.4Mb
Flavors: r-devel-linux-x86_64-fedora-clang, r-devel-windows-ix86+x86_64, r-patched-solaris-x86, r-release-windows-ix86+x86_64, r-release-osx-x86_64, r-oldrel-windows-ix86+x86_64, r-oldrel-osx-x86_64

Version: 4.0.6
Check: data for non-ASCII characters
Result: NOTE
     Note: found 20 marked UTF-8 strings
Flavors: r-devel-linux-x86_64-fedora-clang, r-devel-linux-x86_64-fedora-gcc, r-patched-solaris-x86, r-release-osx-x86_64, r-oldrel-osx-x86_64