CRAN Package Check Results for Package icd

Last updated on 2019-07-16 01:50:23 CEST.

Flavor Version Tinstall Tcheck Ttotal Status Flags
r-devel-linux-x86_64-debian-clang 4.0.6 205.64 150.55 356.19 OK
r-devel-linux-x86_64-debian-gcc 4.0.6 176.89 121.25 298.14 OK
r-devel-linux-x86_64-fedora-clang 4.0.6 518.17 NOTE
r-devel-linux-x86_64-fedora-gcc 4.0.6 530.32 NOTE
r-devel-windows-ix86+x86_64 4.0.6 618.00 226.00 844.00 NOTE
r-patched-linux-x86_64 4.0.6 203.44 149.26 352.70 OK
r-patched-solaris-x86 4.0.6 519.10 NOTE
r-release-linux-x86_64 4.0.6 202.89 148.97 351.86 OK
r-release-windows-ix86+x86_64 4.0.6 449.00 328.00 777.00 NOTE
r-release-osx-x86_64 4.0.6 NOTE
r-oldrel-windows-ix86+x86_64 4.0.6 602.00 216.00 818.00 NOTE
r-oldrel-osx-x86_64 4.0.6 NOTE

Check Details

Version: 4.0.6
Check: installed package size
Result: NOTE
     installed size is 11.3Mb
     sub-directories of 1Mb or more:
     R 1.8Mb
     data 1.4Mb
     libs 6.7Mb
Flavors: r-devel-linux-x86_64-fedora-clang, r-devel-windows-ix86+x86_64, r-patched-solaris-x86, r-release-windows-ix86+x86_64, r-release-osx-x86_64, r-oldrel-windows-ix86+x86_64, r-oldrel-osx-x86_64

Version: 4.0.6
Check: data for non-ASCII characters
Result: NOTE
     Note: found 20 marked UTF-8 strings
Flavors: r-devel-linux-x86_64-fedora-clang, r-devel-linux-x86_64-fedora-gcc, r-patched-solaris-x86, r-release-osx-x86_64, r-oldrel-osx-x86_64