CRAN Package Check Results for Package iMRMC

Last updated on 2019-07-24 01:47:17 CEST.

Flavor Version Tinstall Tcheck Ttotal Status Flags
r-devel-linux-x86_64-debian-clang 1.2.0 3.13 45.38 48.51 OK
r-devel-linux-x86_64-debian-gcc 1.2.0 2.60 37.14 39.74 OK
r-devel-linux-x86_64-fedora-clang 1.2.0 60.23 OK
r-devel-linux-x86_64-fedora-gcc 1.2.0 61.28 OK
r-devel-windows-ix86+x86_64 1.2.0 5.00 60.00 65.00 OK
r-patched-linux-x86_64 1.2.0 2.52 45.41 47.93 OK
r-patched-solaris-x86 1.2.0 85.10 OK
r-release-linux-x86_64 1.2.0 3.54 45.09 48.63 OK
r-release-windows-ix86+x86_64 1.2.0 5.00 59.00 64.00 OK
r-release-osx-x86_64 1.2.0 ERROR
r-oldrel-windows-ix86+x86_64 1.2.0 6.00 42.00 48.00 OK
r-oldrel-osx-x86_64 1.2.0 ERROR

Check Details

Version: 1.2.0
Check: tests
Result: ERROR
     Running ‘testthat.R’ [4s/4s]
    Running the tests in ‘tests/testthat.R’ failed.
    Last 13 lines of output:
     AminusB CminusD AminusB.minus.CminusD
     0.0005571069 -0.0005571069 0.0011142137
    
     $var
     AminusB CminusD AminusB.minus.CminusD
     0.01610192 0.01610192 0.06440770
    
     ══ testthat results ═══════════════════════════════════════════════════════════
     OK: 12 SKIPPED: 0 WARNINGS: 9 FAILED: 3
     1. Error: (unknown) (@test_createANDundoIMRMCdf.R#26)
     2. Error: (unknown) (@test_doIMRMC.R#25)
     3. Error: (unknown) (@test_doIMRMCfromFile.R#13)
    
     Error: testthat unit tests failed
     Execution halted
Flavor: r-release-osx-x86_64

Version: 1.2.0
Check: tests
Result: ERROR
     Running ‘testthat.R’ [4s/4s]
    Running the tests in ‘tests/testthat.R’ failed.
    Last 13 lines of output:
     AminusB CminusD AminusB.minus.CminusD
     0.0005571069 -0.0005571069 0.0011142137
    
     $var
     AminusB CminusD AminusB.minus.CminusD
     0.01610192 0.01610192 0.06440770
    
     ══ testthat results ═══════════════════════════════════════════════════════════
     [ OK: 12 | SKIPPED: 0 | WARNINGS: 3 | FAILED: 3 ]
     1. Error: (unknown) (@test_createANDundoIMRMCdf.R#26)
     2. Error: (unknown) (@test_doIMRMC.R#25)
     3. Error: (unknown) (@test_doIMRMCfromFile.R#13)
    
     Error: testthat unit tests failed
     Execution halted
Flavor: r-oldrel-osx-x86_64