CRAN Package Check Results for Package iMRMC

Last updated on 2019-12-05 00:51:57 CET.

Flavor Version Tinstall Tcheck Ttotal Status Flags
r-devel-linux-x86_64-debian-clang 1.2.0 3.34 46.42 49.76 OK
r-devel-linux-x86_64-debian-gcc 1.2.0 2.73 38.36 41.09 OK
r-devel-linux-x86_64-fedora-clang 1.2.0 63.62 OK
r-devel-linux-x86_64-fedora-gcc 1.2.0 63.37 OK
r-devel-windows-ix86+x86_64 1.2.0 7.00 63.00 70.00 OK
r-devel-windows-ix86+x86_64-gcc8 1.2.0 6.00 49.00 55.00 OK
r-patched-linux-x86_64 1.2.0 2.97 45.91 48.88 OK
r-patched-solaris-x86 1.2.0 74.90 OK
r-release-linux-x86_64 1.2.0 3.00 47.11 50.11 OK
r-release-windows-ix86+x86_64 1.2.0 9.00 49.00 58.00 OK
r-release-osx-x86_64 1.2.0 ERROR
r-oldrel-windows-ix86+x86_64 1.2.0 3.00 63.00 66.00 OK
r-oldrel-osx-x86_64 1.2.0 ERROR

Check Details

Version: 1.2.0
Check: tests
Result: ERROR
     Running ‘testthat.R’ [4s/4s]
    Running the tests in ‘tests/testthat.R’ failed.
    Last 13 lines of output:
     AminusB CminusD AminusB.minus.CminusD
     0.0005571069 -0.0005571069 0.0011142137
    
     $var
     AminusB CminusD AminusB.minus.CminusD
     0.01610192 0.01610192 0.06440770
    
     ══ testthat results ═══════════════════════════════════════════════════════════
     OK: 12 SKIPPED: 0 WARNINGS: 9 FAILED: 3
     1. Error: (unknown) (@test_createANDundoIMRMCdf.R#26)
     2. Error: (unknown) (@test_doIMRMC.R#25)
     3. Error: (unknown) (@test_doIMRMCfromFile.R#13)
    
     Error: testthat unit tests failed
     Execution halted
Flavor: r-release-osx-x86_64

Version: 1.2.0
Check: tests
Result: ERROR
     Running ‘testthat.R’ [4s/4s]
    Running the tests in ‘tests/testthat.R’ failed.
    Last 13 lines of output:
     AminusB CminusD AminusB.minus.CminusD
     0.0005571069 -0.0005571069 0.0011142137
    
     $var
     AminusB CminusD AminusB.minus.CminusD
     0.01610192 0.01610192 0.06440770
    
     ══ testthat results ═══════════════════════════════════════════════════════════
     [ OK: 12 | SKIPPED: 0 | WARNINGS: 3 | FAILED: 3 ]
     1. Error: (unknown) (@test_createANDundoIMRMCdf.R#26)
     2. Error: (unknown) (@test_doIMRMC.R#25)
     3. Error: (unknown) (@test_doIMRMCfromFile.R#13)
    
     Error: testthat unit tests failed
     Execution halted
Flavor: r-oldrel-osx-x86_64