CRAN Package Check Results for Package hypergate

Last updated on 2019-10-21 02:46:32 CEST.

Flavor Version Tinstall Tcheck Ttotal Status Flags
r-devel-linux-x86_64-debian-clang 0.8.1 3.18 48.76 51.94 OK
r-devel-linux-x86_64-debian-gcc 0.8.1 2.56 36.70 39.26 OK
r-devel-linux-x86_64-fedora-clang 0.8.1 59.81 OK
r-devel-linux-x86_64-fedora-gcc 0.8.1 58.73 OK
r-devel-windows-ix86+x86_64 0.8.1 6.00 83.00 89.00 OK
r-patched-linux-x86_64 0.8.1 2.92 47.01 49.93 OK
r-patched-solaris-x86 0.8.1 87.40 OK
r-release-linux-x86_64 0.8.1 2.60 47.83 50.43 OK
r-release-windows-ix86+x86_64 0.8.1 7.00 59.00 66.00 OK
r-release-osx-x86_64 0.8.1 WARN
r-oldrel-windows-ix86+x86_64 0.8.1 4.00 55.00 59.00 OK
r-oldrel-osx-x86_64 0.8.1 OK

Check Details

Version: 0.8.1
Check: package dependencies
Result: NOTE
    Package suggested but not available for checking: ‘flowCore’
Flavor: r-release-osx-x86_64

Version: 0.8.1
Check: data for non-ASCII characters
Result: WARN
     Error loading dataset 'Samusik_01_subset':
     Error in .requirePackage(package) :
     unable to find required package 'flowCore'
    
     The dataset(s) may use package(s) not declared in the DESCRIPTION file.
Flavor: r-release-osx-x86_64