CRAN Package Check Results for Package hypergate

Last updated on 2019-07-19 01:47:17 CEST.

Flavor Version Tinstall Tcheck Ttotal Status Flags
r-devel-linux-x86_64-debian-clang 0.8.1 3.27 48.40 51.67 OK
r-devel-linux-x86_64-debian-gcc 0.8.1 2.26 38.18 40.44 OK
r-devel-linux-x86_64-fedora-clang 0.8.1 60.43 OK
r-devel-linux-x86_64-fedora-gcc 0.8.1 66.39 OK
r-devel-windows-ix86+x86_64 0.8.1 8.00 76.00 84.00 OK
r-patched-linux-x86_64 0.8.1 2.56 48.01 50.57 OK
r-patched-solaris-x86 0.8.1 88.60 OK
r-release-linux-x86_64 0.8.1 2.65 47.85 50.50 OK
r-release-windows-ix86+x86_64 0.8.1 5.00 56.00 61.00 OK
r-release-osx-x86_64 0.8.1 WARN
r-oldrel-windows-ix86+x86_64 0.8.1 4.00 75.00 79.00 OK
r-oldrel-osx-x86_64 0.8.1 OK

Check Details

Version: 0.8.1
Check: package dependencies
Result: NOTE
    Package suggested but not available for checking: ‘flowCore’
Flavor: r-release-osx-x86_64

Version: 0.8.1
Check: data for non-ASCII characters
Result: WARN
     Error loading dataset 'Samusik_01_subset':
     Error in .requirePackage(package) :
     unable to find required package 'flowCore'
    
     The dataset(s) may use package(s) not declared in the DESCRIPTION file.
Flavor: r-release-osx-x86_64