CRAN Package Check Results for Package hyper.fit

Last updated on 2019-09-15 01:46:56 CEST.

Flavor Version Tinstall Tcheck Ttotal Status Flags
r-devel-linux-x86_64-debian-clang 1.1.0 6.27 48.84 55.11 OK
r-devel-linux-x86_64-debian-gcc 1.1.0 5.00 39.87 44.87 OK
r-devel-linux-x86_64-fedora-clang 1.1.0 66.01 OK
r-devel-linux-x86_64-fedora-gcc 1.1.0 66.08 OK
r-devel-windows-ix86+x86_64 1.1.0 27.00 69.00 96.00 OK
r-patched-linux-x86_64 1.1.0 5.86 49.36 55.22 OK
r-patched-solaris-x86 1.1.0 107.90 OK
r-release-linux-x86_64 1.1.0 6.21 48.76 54.97 OK
r-release-windows-ix86+x86_64 1.1.0 18.00 103.00 121.00 OK
r-release-osx-x86_64 1.1.0 WARN
r-oldrel-windows-ix86+x86_64 1.1.0 14.00 58.00 72.00 OK
r-oldrel-osx-x86_64 1.1.0 OK

Check Details

Version: 1.1.0
Check: whether package can be installed
Result: WARN
    Found the following significant warnings:
     Warning: 'rgl_init' failed, running with rgl.useNULL = TRUE
Flavor: r-release-osx-x86_64