CRAN Package Check Results for Package hydrolinks

Last updated on 2019-03-22 00:46:45 CET.

Flavor Version Tinstall Tcheck Ttotal Status Flags
r-devel-linux-x86_64-debian-clang 0.10.0 6.59 53.30 59.89 OK
r-devel-linux-x86_64-debian-gcc 0.10.0 6.18 44.61 50.79 OK
r-devel-linux-x86_64-fedora-clang 0.10.0 75.53 NOTE
r-devel-linux-x86_64-fedora-gcc 0.10.0 69.15 NOTE
r-devel-windows-ix86+x86_64 0.10.0 20.00 94.00 114.00 OK
r-patched-linux-x86_64 0.10.0 4.27 48.41 52.68 OK
r-patched-solaris-x86 0.10.0 104.80 NOTE
r-release-linux-x86_64 0.10.0 4.58 48.64 53.22 OK
r-release-windows-ix86+x86_64 0.10.0 10.00 97.00 107.00 OK
r-release-osx-x86_64 0.10.0 NOTE
r-oldrel-windows-ix86+x86_64 0.10.0 14.00 97.00 111.00 OK
r-oldrel-osx-x86_64 0.10.0 NOTE

Check Details

Version: 0.10.0
Check: dependencies in R code
Result: NOTE
    Namespace in Imports field not imported from: ‘dbplyr’
     All declared Imports should be used.
Flavors: r-devel-linux-x86_64-fedora-clang, r-devel-linux-x86_64-fedora-gcc, r-patched-solaris-x86, r-release-osx-x86_64, r-oldrel-osx-x86_64