CRAN Package Check Results for Package hwriter

Last updated on 2019-08-25 01:47:17 CEST.

Flavor Version Tinstall Tcheck Ttotal Status Flags
r-devel-linux-x86_64-debian-clang 1.3.2 2.46 22.58 25.04 NOTE
r-devel-linux-x86_64-debian-gcc 1.3.2 1.95 18.37 20.32 NOTE
r-devel-linux-x86_64-fedora-clang 1.3.2 33.48 NOTE
r-devel-linux-x86_64-fedora-gcc 1.3.2 31.89 NOTE
r-devel-windows-ix86+x86_64 1.3.2 7.00 51.00 58.00 NOTE
r-patched-linux-x86_64 1.3.2 1.98 22.60 24.58 NOTE
r-patched-solaris-x86 1.3.2 48.80 NOTE
r-release-linux-x86_64 1.3.2 2.07 22.84 24.91 NOTE
r-release-windows-ix86+x86_64 1.3.2 5.00 52.00 57.00 NOTE
r-release-osx-x86_64 1.3.2 NOTE
r-oldrel-windows-ix86+x86_64 1.3.2 3.00 37.00 40.00 NOTE
r-oldrel-osx-x86_64 1.3.2 NOTE

Check Details

Version: 1.3.2
Check: DESCRIPTION meta-information
Result: NOTE
    Malformed Description field: should contain one or more complete sentences.
Flavors: r-devel-linux-x86_64-debian-clang, r-devel-linux-x86_64-debian-gcc, r-devel-linux-x86_64-fedora-clang, r-devel-linux-x86_64-fedora-gcc, r-devel-windows-ix86+x86_64, r-patched-linux-x86_64, r-patched-solaris-x86, r-release-linux-x86_64, r-release-windows-ix86+x86_64, r-release-osx-x86_64, r-oldrel-windows-ix86+x86_64, r-oldrel-osx-x86_64

Version: 1.3.2
Check: R code for possible problems
Result: NOTE
    getHwriterVersion: no visible global function definition for
     'sessionInfo'
    hmapRowCol: no visible global function definition for 'na.omit'
    hwriteImage: no visible global function definition for 'dev.print'
    hwriteImage: no visible binding for global variable 'png'
    showExample: no visible global function definition for 'browseURL'
    Undefined global functions or variables:
     browseURL dev.print na.omit png sessionInfo
    Consider adding
     importFrom("grDevices", "dev.print", "png")
     importFrom("stats", "na.omit")
     importFrom("utils", "browseURL", "sessionInfo")
    to your NAMESPACE file.
Flavors: r-devel-linux-x86_64-debian-clang, r-devel-linux-x86_64-debian-gcc, r-devel-linux-x86_64-fedora-clang, r-devel-linux-x86_64-fedora-gcc, r-devel-windows-ix86+x86_64, r-patched-linux-x86_64, r-patched-solaris-x86, r-release-linux-x86_64, r-release-windows-ix86+x86_64, r-release-osx-x86_64, r-oldrel-windows-ix86+x86_64, r-oldrel-osx-x86_64