CRAN Package Check Results for Package hwriter

Last updated on 2020-01-27 00:48:05 CET.

Flavor Version Tinstall Tcheck Ttotal Status Flags
r-devel-linux-x86_64-debian-clang 1.3.2 2.71 23.66 26.37 NOTE
r-devel-linux-x86_64-debian-gcc 1.3.2 2.03 19.11 21.14 NOTE
r-devel-linux-x86_64-fedora-clang 1.3.2 33.56 NOTE
r-devel-linux-x86_64-fedora-gcc 1.3.2 33.04 NOTE
r-devel-windows-ix86+x86_64 1.3.2 9.00 51.00 60.00 NOTE
r-devel-windows-ix86+x86_64-gcc8 1.3.2 6.00 61.00 67.00 NOTE
r-patched-linux-x86_64 1.3.2 1.78 21.98 23.76 NOTE
r-patched-solaris-x86 1.3.2 43.90 NOTE
r-release-linux-x86_64 1.3.2 1.67 21.93 23.60 NOTE
r-release-windows-ix86+x86_64 1.3.2 5.00 52.00 57.00 NOTE
r-release-osx-x86_64 1.3.2 NOTE
r-oldrel-windows-ix86+x86_64 1.3.2 3.00 37.00 40.00 NOTE
r-oldrel-osx-x86_64 1.3.2 NOTE

Check Details

Version: 1.3.2
Check: DESCRIPTION meta-information
Result: NOTE
    Malformed Description field: should contain one or more complete sentences.
Flavors: r-devel-linux-x86_64-debian-clang, r-devel-linux-x86_64-debian-gcc, r-devel-linux-x86_64-fedora-clang, r-devel-linux-x86_64-fedora-gcc, r-devel-windows-ix86+x86_64, r-devel-windows-ix86+x86_64-gcc8, r-patched-linux-x86_64, r-patched-solaris-x86, r-release-linux-x86_64, r-release-windows-ix86+x86_64, r-release-osx-x86_64, r-oldrel-windows-ix86+x86_64, r-oldrel-osx-x86_64

Version: 1.3.2
Check: R code for possible problems
Result: NOTE
    getHwriterVersion: no visible global function definition for
     'sessionInfo'
    hmapRowCol: no visible global function definition for 'na.omit'
    hwriteImage: no visible global function definition for 'dev.print'
    hwriteImage: no visible binding for global variable 'png'
    showExample: no visible global function definition for 'browseURL'
    Undefined global functions or variables:
     browseURL dev.print na.omit png sessionInfo
    Consider adding
     importFrom("grDevices", "dev.print", "png")
     importFrom("stats", "na.omit")
     importFrom("utils", "browseURL", "sessionInfo")
    to your NAMESPACE file.
Flavors: r-devel-linux-x86_64-debian-clang, r-devel-linux-x86_64-debian-gcc, r-devel-linux-x86_64-fedora-clang, r-devel-linux-x86_64-fedora-gcc, r-devel-windows-ix86+x86_64, r-devel-windows-ix86+x86_64-gcc8, r-patched-linux-x86_64, r-patched-solaris-x86, r-release-linux-x86_64, r-release-windows-ix86+x86_64, r-release-osx-x86_64, r-oldrel-windows-ix86+x86_64, r-oldrel-osx-x86_64