CRAN Package Check Results for Package humanFormat

Last updated on 2019-05-21 01:48:32 CEST.

Flavor Version Tinstall Tcheck Ttotal Status Flags
r-devel-linux-x86_64-debian-clang 1.0 1.68 20.86 22.54 NOTE
r-devel-linux-x86_64-debian-gcc 1.0 1.36 16.94 18.30 NOTE
r-devel-linux-x86_64-fedora-clang 1.0 27.95 ERROR
r-devel-linux-x86_64-fedora-gcc 1.0 29.27 ERROR
r-devel-windows-ix86+x86_64 1.0 7.00 51.00 58.00 NOTE
r-patched-linux-x86_64 1.0 1.74 20.97 22.71 NOTE
r-patched-solaris-x86 1.0 45.20 NOTE
r-release-linux-x86_64 1.0 1.73 20.79 22.52 NOTE
r-release-windows-ix86+x86_64 1.0 6.00 43.00 49.00 NOTE
r-release-osx-x86_64 1.0 NOTE
r-oldrel-windows-ix86+x86_64 1.0 2.00 36.00 38.00 NOTE
r-oldrel-osx-x86_64 1.0 NOTE

Check Details

Version: 1.0
Check: dependencies in R code
Result: NOTE
    Package in Depends field not imported from: 'testthat'
     These packages need to be imported from (in the NAMESPACE file)
     for when this namespace is loaded but not attached.
Flavors: r-devel-linux-x86_64-debian-clang, r-devel-linux-x86_64-debian-gcc, r-devel-linux-x86_64-fedora-clang, r-devel-linux-x86_64-fedora-gcc, r-devel-windows-ix86+x86_64, r-patched-linux-x86_64, r-patched-solaris-x86, r-release-linux-x86_64, r-release-windows-ix86+x86_64, r-release-osx-x86_64, r-oldrel-windows-ix86+x86_64, r-oldrel-osx-x86_64

Version: 1.0
Check: PDF version of manual
Result: WARN
    LaTeX errors when creating PDF version.
    This typically indicates Rd problems.
    LaTeX errors found:
    ! Paragraph ended before \@wrindex was complete.
    <to be read again>
     \par
    l.177 label}{humanFormat}
    
    ! Extra }, or forgotten \endgroup.
    \keyword ...\index {$*$Topic{\large \ \textbf {#1}
     }!#2@\texttt {#2}}
    l.177 label}{humanFormat}
    
    ! Extra }, or forgotten \endgroup.
    \keyword ...index {$*$Topic{\large \ \textbf {#1}}
     !#2@\texttt {#2}}
    l.177 label}{humanFormat}
    
    ! Extra }, or forgotten \endgroup.
    <recently read> }
    
    l.177 label}{humanFormat}
    
    ! Emergency stop.
    <*> \input ./Rd2.tex
    
    *** (job aborted, no legal \end found)
    
    ! ==> Fatal error occurred, no output PDF file produced!
Flavors: r-devel-linux-x86_64-fedora-clang, r-devel-linux-x86_64-fedora-gcc

Version: 1.0
Check: PDF version of manual without hyperrefs or index
Result: ERROR
    
Flavors: r-devel-linux-x86_64-fedora-clang, r-devel-linux-x86_64-fedora-gcc