CRAN Package Check Results for Package hexbin

Last updated on 2019-08-18 01:46:11 CEST.

Flavor Version Tinstall Tcheck Ttotal Status Flags
r-devel-linux-x86_64-debian-clang 1.27.3 8.13 62.40 70.53 OK
r-devel-linux-x86_64-debian-gcc 1.27.3 7.38 48.53 55.91 OK
r-devel-linux-x86_64-fedora-clang 1.27.3 87.71 OK
r-devel-linux-x86_64-fedora-gcc 1.27.3 83.09 OK
r-devel-windows-ix86+x86_64 1.27.3 28.00 131.00 159.00 OK
r-patched-linux-x86_64 1.27.3 8.17 61.55 69.72 OK
r-patched-solaris-x86 1.27.3 122.70 OK
r-release-linux-x86_64 1.27.3 7.42 60.85 68.27 OK
r-release-windows-ix86+x86_64 1.27.3 21.00 110.00 131.00 OK
r-release-osx-x86_64 1.27.3 NOTE
r-oldrel-windows-ix86+x86_64 1.27.3 27.00 138.00 165.00 OK
r-oldrel-osx-x86_64 1.27.3 OK

Check Details

Version: 1.27.3
Check: package dependencies
Result: NOTE
    Packages suggested but not available for checking:
     'marray', 'affy', 'Biobase', 'limma'
Flavor: r-release-osx-x86_64

Version: 1.27.3
Check: Rd cross-references
Result: NOTE
    Package unavailable to check Rd xrefs: ‘limma’
Flavor: r-release-osx-x86_64