CRAN Package Check Results for Package heplots

Last updated on 2019-12-05 00:51:56 CET.

Flavor Version Tinstall Tcheck Ttotal Status Flags
r-devel-linux-x86_64-debian-clang 1.3-5 9.15 115.49 124.64 NOTE
r-devel-linux-x86_64-debian-gcc 1.3-5 7.56 85.78 93.34 NOTE
r-devel-linux-x86_64-fedora-clang 1.3-5 149.19 NOTE
r-devel-linux-x86_64-fedora-gcc 1.3-5 147.73 NOTE
r-devel-windows-ix86+x86_64 1.3-5 19.00 193.00 212.00 OK
r-devel-windows-ix86+x86_64-gcc8 1.3-5 21.00 150.00 171.00 NOTE
r-patched-linux-x86_64 1.3-5 8.57 103.88 112.45 NOTE
r-patched-solaris-x86 1.3-5 176.00 NOTE
r-release-linux-x86_64 1.3-5 7.67 110.64 118.31 NOTE
r-release-windows-ix86+x86_64 1.3-5 18.00 148.00 166.00 OK
r-release-osx-x86_64 1.3-5 NOTE
r-oldrel-windows-ix86+x86_64 1.3-5 11.00 131.00 142.00 OK
r-oldrel-osx-x86_64 1.3-5 OK

Check Details

Version: 1.3-5
Check: package dependencies
Result: NOTE
    Package suggested but not available for checking: 'FRB'
Flavors: r-devel-linux-x86_64-debian-clang, r-devel-linux-x86_64-debian-gcc, r-devel-linux-x86_64-fedora-clang, r-devel-linux-x86_64-fedora-gcc, r-devel-windows-ix86+x86_64-gcc8, r-patched-linux-x86_64, r-patched-solaris-x86, r-release-linux-x86_64

Version: 1.3-5
Check: package dependencies
Result: NOTE
    Packages suggested but not available for checking: 'rgl', 'FRB'
Flavor: r-release-osx-x86_64