CRAN Package Check Results for Package heplots

Last updated on 2019-08-20 01:48:08 CEST.

Flavor Version Tinstall Tcheck Ttotal Status Flags
r-devel-linux-x86_64-debian-clang 1.3-5 8.51 110.19 118.70 NOTE
r-devel-linux-x86_64-debian-gcc 1.3-5 6.52 82.27 88.79 NOTE
r-devel-linux-x86_64-fedora-clang 1.3-5 142.38 NOTE
r-devel-linux-x86_64-fedora-gcc 1.3-5 142.78 NOTE
r-devel-windows-ix86+x86_64 1.3-5 27.00 188.00 215.00 OK
r-patched-linux-x86_64 1.3-5 7.70 106.96 114.66 NOTE
r-patched-solaris-x86 1.3-5 183.30 NOTE
r-release-linux-x86_64 1.3-5 8.74 106.97 115.71 NOTE
r-release-windows-ix86+x86_64 1.3-5 14.00 143.00 157.00 OK
r-release-osx-x86_64 1.3-5 NOTE
r-oldrel-windows-ix86+x86_64 1.3-5 16.00 187.00 203.00 OK
r-oldrel-osx-x86_64 1.3-5 OK

Check Details

Version: 1.3-5
Check: package dependencies
Result: NOTE
    Package suggested but not available for checking: 'FRB'
Flavors: r-devel-linux-x86_64-debian-clang, r-devel-linux-x86_64-debian-gcc, r-devel-linux-x86_64-fedora-clang, r-devel-linux-x86_64-fedora-gcc, r-patched-linux-x86_64, r-patched-solaris-x86, r-release-linux-x86_64

Version: 1.3-5
Check: package dependencies
Result: NOTE
    Packages suggested but not available for checking: 'rgl', 'FRB'
Flavor: r-release-osx-x86_64