CRAN Package Check Results for Package heavy

Last updated on 2019-06-16 01:46:35 CEST.

Flavor Version Tinstall Tcheck Ttotal Status Flags
r-devel-linux-x86_64-debian-clang 0.38.19 6.90 26.26 33.16 OK
r-devel-linux-x86_64-debian-gcc 0.38.19 4.69 21.00 25.69 OK
r-devel-linux-x86_64-fedora-clang 0.38.19 42.62 OK
r-devel-linux-x86_64-fedora-gcc 0.38.19 40.52 OK
r-devel-windows-ix86+x86_64 0.38.19 22.00 48.00 70.00 OK
r-patched-linux-x86_64 0.38.19 6.18 26.52 32.70 OK
r-patched-solaris-x86 0.38.19 60.50 OK
r-release-linux-x86_64 0.38.19 5.92 26.15 32.07 ERROR
r-release-windows-ix86+x86_64 0.38.19 21.00 64.00 85.00 OK
r-release-osx-x86_64 0.38.19 OK
r-oldrel-windows-ix86+x86_64 0.38.19 20.00 40.00 60.00 OK
r-oldrel-osx-x86_64 0.38.19 OK

Check Details

Version: 0.38.19
Check: examples
Result: ERROR
    Running examples in ‘heavy-Ex.R’ failed
    The error most likely occurred in:
    
    > base::assign(".ptime", proc.time(), pos = "CheckExEnv")
    > ### Name: heavy.control
    > ### Title: Set control parameters
    > ### Aliases: heavy.control
    > ### Keywords: models
    >
    > ### ** Examples
    >
    > ctrl <- heavy.control(maxIter = 200, tol = 1e-04, ndraws = 9000)
    > data(dental)
    > heavyLme(distance ~ age * Sex, random = ~ age, groups = ~ Subject,
    + data = dental, control = ctrl)
    Error in heavyLme.formula(distance ~ age * Sex, random = ~age, groups = ~Subject, :
     BLAS/LAPACK routine 'DTRTI2' gave error code -5
    Calls: heavyLme -> heavyLme.formula
    Execution halted
Flavor: r-release-linux-x86_64